{"id":4385,"date":"2018-11-18T13:22:40","date_gmt":"2018-11-18T12:22:40","guid":{"rendered":"https:\/\/grenzinfo.eu\/edr\/?page_id=4385"},"modified":"2025-06-16T10:43:36","modified_gmt":"2025-06-16T08:43:36","slug":"sprechtage","status":"publish","type":"page","link":"https:\/\/grenzinfo.eu\/edr\/sprechtage\/","title":{"rendered":"Sprechtage"},"content":{"rendered":"\t\t<div data-elementor-type=\"wp-post\" data-elementor-id=\"4385\" class=\"elementor elementor-4385\" data-elementor-post-type=\"page\">\n\t\t\t\t\t\t<section class=\"elementor-section elementor-top-section elementor-element elementor-element-94bb2ab elementor-section-boxed elementor-section-height-default elementor-section-height-default\" data-id=\"94bb2ab\" data-element_type=\"section\" data-e-type=\"section\">\n\t\t\t\t\t\t<div class=\"elementor-container elementor-column-gap-default\">\n\t\t\t\t\t<div class=\"elementor-column elementor-col-50 elementor-top-column elementor-element elementor-element-40355e5\" data-id=\"40355e5\" data-element_type=\"column\" data-e-type=\"column\">\n\t\t\t<div class=\"elementor-widget-wrap elementor-element-populated\">\n\t\t\t\t\t\t<div class=\"elementor-element elementor-element-fb65f68 elementor-widget elementor-widget-heading\" data-id=\"fb65f68\" data-element_type=\"widget\" data-e-type=\"widget\" data-widget_type=\"heading.default\">\n\t\t\t\t<div class=\"elementor-widget-container\">\n\t\t\t\t\t<h2 class=\"elementor-heading-title elementor-size-default\">Sprechtage und Sprechstunden GIP EDR<\/h2>\t\t\t\t<\/div>\n\t\t\t\t<\/div>\n\t\t\t\t<div class=\"elementor-element elementor-element-a8fa867 elementor-widget-divider--view-line elementor-widget elementor-widget-divider\" data-id=\"a8fa867\" data-element_type=\"widget\" data-e-type=\"widget\" data-widget_type=\"divider.default\">\n\t\t\t\t<div class=\"elementor-widget-container\">\n\t\t\t\t\t\t\t<div class=\"elementor-divider\">\n\t\t\t<span class=\"elementor-divider-separator\">\n\t\t\t\t\t\t<\/span>\n\t\t<\/div>\n\t\t\t\t\t\t<\/div>\n\t\t\t\t<\/div>\n\t\t\t\t<div class=\"elementor-element elementor-element-227e5ff elementor-widget elementor-widget-text-editor\" data-id=\"227e5ff\" data-element_type=\"widget\" data-e-type=\"widget\" data-widget_type=\"text-editor.default\">\n\t\t\t\t<div class=\"elementor-widget-container\">\n\t\t\t\t\t\t\t\t\t<h3>Pers\u00f6nliche und kostenlose Beratung beim GIP EDR\u00a0<\/h3><div><p>Es sind pers\u00f6nliche Beratungsgespr\u00e4che in der Gesch\u00e4ftsstelle der EDR in Bad Nieuweschans m\u00f6glich. <strong>Bitte melden Sie sich immer vorab telefonisch unter 0031 597 521818 oder \u00fcber das\u00a0<\/strong><a href=\"https:\/\/grenzinfo.eu\/edr\/anfrage\/\" target=\"_blank\" rel=\"noopener\">Kontaktformular<\/a><strong>, damit wir einen Termin abstimmen k\u00f6nnen.<\/strong> Telefonisch und\/oder online stehen unsere Berater*innen ebenfalls zur Verf\u00fcgung.\u00a0\u00a0<\/p><p>Im Gespr\u00e4ch legen wir den Fokus auf Ihre pers\u00f6nliche Situation und die Punkte, die f\u00fcr Sie von Bedeutung sind. Dieses k\u00f6nnen auch Themen sein, die Sie bisher noch nicht bedacht haben, die jedoch f\u00fcr Sie von Bedeutung sein k\u00f6nnen.<\/p><p>In den Bereichen, in denen es uns m\u00f6glich ist, informieren wir Sie direkt. Wenn es n\u00f6tig ist, verweisen wir Sie an die Fachleute in unserem Netzwerk.<\/p><p>Wir k\u00f6nnen Ihnen leider nicht bei der Steuererkl\u00e4rung helfen oder Ihre Formulare ausf\u00fcllen. Sollten die Frageb\u00f6gen jedoch unverst\u00e4ndlich sein, geben wir Ihnen gerne Erl\u00e4uterungen hierzu.<\/p><p>Wir halten es f\u00fcr das Beste, dass Sie Ihre T\u00e4tigkeit im Nachbarland gut informiert antreten. Sie sollten wissen, was auf Sie zu kommt und welche (m\u00f6glichen) Folgen eine T\u00e4tigkeit im Nachbarland f\u00fcr Sie und Ihre Familie hat.<\/p><\/div>\t\t\t\t\t\t\t\t<\/div>\n\t\t\t\t<\/div>\n\t\t\t\t<div class=\"elementor-element elementor-element-9be49b4 elementor-widget-divider--view-line elementor-widget elementor-widget-divider\" data-id=\"9be49b4\" data-element_type=\"widget\" data-e-type=\"widget\" data-widget_type=\"divider.default\">\n\t\t\t\t<div class=\"elementor-widget-container\">\n\t\t\t\t\t\t\t<div class=\"elementor-divider\">\n\t\t\t<span class=\"elementor-divider-separator\">\n\t\t\t\t\t\t<\/span>\n\t\t<\/div>\n\t\t\t\t\t\t<\/div>\n\t\t\t\t<\/div>\n\t\t\t\t<div class=\"elementor-element elementor-element-e35253b elementor-widget elementor-widget-text-editor\" data-id=\"e35253b\" data-element_type=\"widget\" data-e-type=\"widget\" data-widget_type=\"text-editor.default\">\n\t\t\t\t<div class=\"elementor-widget-container\">\n\t\t\t\t\t\t\t\t\t<h3>Sprechtag f\u00fcr Grenzpendler*innen in Bad Nieuweschans (NL)<\/h3>\n<p>Der GIP EDR veranstaltet regelm\u00e4\u00dfig Sprechtage, an denen Mitarbeiter der Finanz\u00e4mter Groningen und Leer, des B\u00fcros f\u00fcr Deutsche Angelegenheiten der sozialen Versicherungsbank (BDZ\/SVB), der Industrie- und Handelskammer (IHK) und der Deutschen Rentenversicherung (DRV) teilnehmen. Hierf\u00fcr m\u00fcssen Sie vorab telefonisch unter 0031 597 521818 oder \u00fcber das&nbsp;<a href=\"https:\/\/grenzinfo.eu\/edr\/anfrage\/\" target=\"_blank\">Kontaktformular<\/a>&nbsp;einen Termin vereinbaren.&nbsp; Die Sprechstunden finden jeden dritten Mittwoch im Monat (au\u00dfer im Juli und August) von 10:00 \u2013 16:00 Uhr statt (<span style=\"color: #99cc00\"><strong>Bunderpoort 14, 9693 CJ Bad Nieuweschans<\/strong><\/span>).<\/p>\t\t\t\t\t\t\t\t<\/div>\n\t\t\t\t<\/div>\n\t\t\t\t<div class=\"elementor-element elementor-element-a3590a4 elementor-widget-divider--view-line elementor-widget elementor-widget-divider\" data-id=\"a3590a4\" data-element_type=\"widget\" data-e-type=\"widget\" data-widget_type=\"divider.default\">\n\t\t\t\t<div class=\"elementor-widget-container\">\n\t\t\t\t\t\t\t<div class=\"elementor-divider\">\n\t\t\t<span class=\"elementor-divider-separator\">\n\t\t\t\t\t\t<\/span>\n\t\t<\/div>\n\t\t\t\t\t\t<\/div>\n\t\t\t\t<\/div>\n\t\t\t\t<div class=\"elementor-element elementor-element-c5f0e99 elementor-widget elementor-widget-text-editor\" data-id=\"c5f0e99\" data-element_type=\"widget\" data-e-type=\"widget\" data-widget_type=\"text-editor.default\">\n\t\t\t\t<div class=\"elementor-widget-container\">\n\t\t\t\t\t\t\t\t\t<h3>Sprechstunden f\u00fcr Grenzpendler*innen in Emmen (NL)<\/h3><p>Grenzpendler*innen und ihre Arbeitgeber*innen k\u00f6nnen sich jeden ersten Donnerstag im Monat in Emmen bei einer Sprechstunde des GrenzInfoPunktes der Ems Dollart Region (GIP EDR) informieren lassen. Zwischen 13.00 und 17.00 Uhr wird eine Beraterin des GIP EDR und ein EURES-Berater des UWV WERKbedrijf in den R\u00e4umlichkeiten des UWV (Verlengde Spoorstraat 2, 7811 GA Emmen) zur Verf\u00fcgung stehen. Ratsuchende erhalten kostenlos Infos \u00fcber arbeiten, unternehmerisch t\u00e4tig sein, studieren, wohnen und Rentenaufbau im Nachbarland. F\u00fcr die Teilnahme an der GIP EDR-Sprechstunde ist eine Anmeldung erforderlich unter 0031 597 521818.<\/p>\t\t\t\t\t\t\t\t<\/div>\n\t\t\t\t<\/div>\n\t\t\t\t<div class=\"elementor-element elementor-element-5546d74 elementor-widget-divider--view-line elementor-widget elementor-widget-divider\" data-id=\"5546d74\" data-element_type=\"widget\" data-e-type=\"widget\" data-widget_type=\"divider.default\">\n\t\t\t\t<div class=\"elementor-widget-container\">\n\t\t\t\t\t\t\t<div class=\"elementor-divider\">\n\t\t\t<span class=\"elementor-divider-separator\">\n\t\t\t\t\t\t<\/span>\n\t\t<\/div>\n\t\t\t\t\t\t<\/div>\n\t\t\t\t<\/div>\n\t\t\t\t<div class=\"elementor-element elementor-element-1f69480 elementor-widget elementor-widget-text-editor\" data-id=\"1f69480\" data-element_type=\"widget\" data-e-type=\"widget\" data-widget_type=\"text-editor.default\">\n\t\t\t\t<div class=\"elementor-widget-container\">\n\t\t\t\t\t\t\t\t\t<h3>Sprechstunden f\u00fcr Grenzpendler*innen in Groningen (NL)<\/h3><p>Jeden zweiten Mittwoch im Monat gibt es beim GrenzInfoPunkt (GIP EDR) am Standort Groningen ebenfalls Sprechstunden f\u00fcr Grenzpendler und Arbeitgeber. Die Berater des GIP EDR beantworten dann in Zusammenarbeit mit dem International Welcome Center North (IWCN) kostenlos Ihre Fragen zu den Themen Arbeiten, Unternehmertum, Studieren, Wohnen und Renten im Nachbarland. Die Sprechstunden am GIP-Standort Groningen finden statt von 9 Uhr bis 12 Uhr, beim <a href=\"https:\/\/iwcn.nl\/?cn-reloaded=1\" target=\"_blank\" rel=\"noopener\">International Welcome Centre North (IWCN)<\/a>, Gedempte Zuiderdiep 98. Hierf\u00fcr vereinbaren Sie bitte vorab telefonisch unter 0031 597 521818 einen Termin.<\/p>\t\t\t\t\t\t\t\t<\/div>\n\t\t\t\t<\/div>\n\t\t\t\t<div class=\"elementor-element elementor-element-358a09f elementor-widget-divider--view-line elementor-widget elementor-widget-divider\" data-id=\"358a09f\" data-element_type=\"widget\" data-e-type=\"widget\" data-widget_type=\"divider.default\">\n\t\t\t\t<div class=\"elementor-widget-container\">\n\t\t\t\t\t\t\t<div class=\"elementor-divider\">\n\t\t\t<span class=\"elementor-divider-separator\">\n\t\t\t\t\t\t<\/span>\n\t\t<\/div>\n\t\t\t\t\t\t<\/div>\n\t\t\t\t<\/div>\n\t\t\t\t<div class=\"elementor-element elementor-element-d4fbf91 elementor-widget elementor-widget-text-editor\" data-id=\"d4fbf91\" data-element_type=\"widget\" data-e-type=\"widget\" data-widget_type=\"text-editor.default\">\n\t\t\t\t<div class=\"elementor-widget-container\">\n\t\t\t\t\t\t\t\t\t<h3>Sprechstunden f\u00fcr Grenzpendler*innen in Papenburg<\/h3><p>Jeden vierten Donnerstag im Monat finden zudem Sprechstunden in Papenburg statt. Zwischen 9.00 und 12 Uhr sind die Mitarbeiter des GIP EDR bei der Agentur f\u00fcr Arbeit, Am Stadtpark 10, in Papenburg erreichbar. Die Beratungen erfolgen nach vorheriger Absprache (0031 597 521818).<\/p>\t\t\t\t\t\t\t\t<\/div>\n\t\t\t\t<\/div>\n\t\t\t\t\t<\/div>\n\t\t<\/div>\n\t\t\t\t<div class=\"elementor-column elementor-col-50 elementor-top-column elementor-element elementor-element-fed1f9e\" data-id=\"fed1f9e\" data-element_type=\"column\" data-e-type=\"column\" data-settings=\"{&quot;background_background&quot;:&quot;classic&quot;}\">\n\t\t\t<div class=\"elementor-widget-wrap elementor-element-populated\">\n\t\t\t\t\t\t<div class=\"elementor-element elementor-element-bd59ff4 elementor-share-buttons--view-icon elementor-grid-tablet-3 elementor-grid-mobile-0 elementor-share-buttons--skin-gradient elementor-share-buttons--shape-square elementor-grid-0 elementor-share-buttons--color-official elementor-widget elementor-widget-share-buttons\" data-id=\"bd59ff4\" data-element_type=\"widget\" data-e-type=\"widget\" data-widget_type=\"share-buttons.default\">\n\t\t\t\t<div class=\"elementor-widget-container\">\n\t\t\t\t\t\t\t<div class=\"elementor-grid\" role=\"list\">\n\t\t\t\t\t\t\t\t<div class=\"elementor-grid-item\" role=\"listitem\">\n\t\t\t\t\t\t<div class=\"elementor-share-btn elementor-share-btn_facebook\" role=\"button\" tabindex=\"0\" aria-label=\"Share on facebook\">\n\t\t\t\t\t\t\t\t\t\t\t\t\t\t\t<span class=\"elementor-share-btn__icon\">\n\t\t\t\t\t\t\t\t<i class=\"fab fa-facebook\" aria-hidden=\"true\"><\/i>\t\t\t\t\t\t\t<\/span>\n\t\t\t\t\t\t\t\t\t\t\t\t\t\t\t\t\t\t\t\t<\/div>\n\t\t\t\t\t<\/div>\n\t\t\t\t\t\t\t\t\t<div class=\"elementor-grid-item\" role=\"listitem\">\n\t\t\t\t\t\t<div class=\"elementor-share-btn elementor-share-btn_xing\" role=\"button\" tabindex=\"0\" aria-label=\"Share on xing\">\n\t\t\t\t\t\t\t\t\t\t\t\t\t\t\t<span class=\"elementor-share-btn__icon\">\n\t\t\t\t\t\t\t\t<i class=\"fab fa-xing\" aria-hidden=\"true\"><\/i>\t\t\t\t\t\t\t<\/span>\n\t\t\t\t\t\t\t\t\t\t\t\t\t\t\t\t\t\t\t\t<\/div>\n\t\t\t\t\t<\/div>\n\t\t\t\t\t\t\t\t\t<div class=\"elementor-grid-item\" role=\"listitem\">\n\t\t\t\t\t\t<div class=\"elementor-share-btn elementor-share-btn_linkedin\" role=\"button\" tabindex=\"0\" aria-label=\"Share on linkedin\">\n\t\t\t\t\t\t\t\t\t\t\t\t\t\t\t<span class=\"elementor-share-btn__icon\">\n\t\t\t\t\t\t\t\t<i class=\"fab fa-linkedin\" aria-hidden=\"true\"><\/i>\t\t\t\t\t\t\t<\/span>\n\t\t\t\t\t\t\t\t\t\t\t\t\t\t\t\t\t\t\t\t<\/div>\n\t\t\t\t\t<\/div>\n\t\t\t\t\t\t<\/div>\n\t\t\t\t\t\t<\/div>\n\t\t\t\t<\/div>\n\t\t\t\t<div class=\"elementor-element elementor-element-5726680 elementor-widget elementor-widget-heading\" data-id=\"5726680\" data-element_type=\"widget\" data-e-type=\"widget\" data-widget_type=\"heading.default\">\n\t\t\t\t<div class=\"elementor-widget-container\">\n\t\t\t\t\t<h3 class=\"elementor-heading-title elementor-size-default\">DEMN\u00c4CHST<\/h3>\t\t\t\t<\/div>\n\t\t\t\t<\/div>\n\t\t\t\t<div class=\"elementor-element elementor-element-9ded2ee elementor-widget elementor-widget-wp-widget-atl_finderbox_widget\" data-id=\"9ded2ee\" data-element_type=\"widget\" data-e-type=\"widget\" data-widget_type=\"wp-widget-atl_finderbox_widget.default\">\n\t\t\t\t<div class=\"elementor-widget-container\">\n\t\t\t\t\t        <div class=\"text-center bg-white p-4\">\n            <i class=\"fa fa-info-circle\" style=\"font-size: 66px\"><\/i>\n            <p>Grenzinfopunkte in Ihrer N\u00e4he<\/p>\n            <a href=\"https:\/\/grenzinfo.eu\/edr\/#finder\" class=\"btn btn-success px-4\"><i class=\"fa fa-chevron-right\"><\/i> <strong>Finder<\/strong><\/a>\n        <\/div>\n    \t\t\t\t<\/div>\n\t\t\t\t<\/div>\n\t\t\t\t\t<\/div>\n\t\t<\/div>\n\t\t\t\t\t<\/div>\n\t\t<\/section>\n\t\t\t\t<\/div>\n\t\t","protected":false},"excerpt":{"rendered":"<p>Sprechtage und Sprechstunden GIP EDR Pers\u00f6nliche und kostenlose Beratung beim GIP EDR\u00a0 Es sind pers\u00f6nliche Beratungsgespr\u00e4che in der Gesch\u00e4ftsstelle der EDR in Bad Nieuweschans m\u00f6glich. Bitte melden Sie sich immer vorab telefonisch unter 0031 597 521818 oder \u00fcber das\u00a0Kontaktformular, damit wir einen Termin abstimmen k\u00f6nnen. Telefonisch und\/oder online stehen unsere Berater*innen ebenfalls zur Verf\u00fcgung.\u00a0\u00a0 Im [&hellip;]<\/p>\n","protected":false},"author":1,"featured_media":0,"parent":0,"menu_order":0,"comment_status":"closed","ping_status":"closed","template":"","meta":{"_acf_changed":false,"footnotes":""},"class_list":["post-4385","page","type-page","status-publish","hentry"],"acf":[],"yoast_head":"<!-- This site is optimized with the Yoast SEO plugin v27.3 - https:\/\/yoast.com\/product\/yoast-seo-wordpress\/ -->\n<title>Sprechtage - Ems Dollart Region<\/title>\n<meta name=\"robots\" content=\"index, follow, max-snippet:-1, max-image-preview:large, max-video-preview:-1\" \/>\n<link rel=\"canonical\" href=\"https:\/\/grenzinfo.eu\/edr\/sprechtage\/\" \/>\n<meta property=\"og:locale\" content=\"de_DE\" \/>\n<meta property=\"og:type\" content=\"article\" \/>\n<meta property=\"og:title\" content=\"Sprechtage - Ems Dollart Region\" \/>\n<meta property=\"og:description\" content=\"Sprechtage und Sprechstunden GIP EDR Pers\u00f6nliche und kostenlose Beratung beim GIP EDR\u00a0 Es sind pers\u00f6nliche Beratungsgespr\u00e4che in der Gesch\u00e4ftsstelle der EDR in Bad Nieuweschans m\u00f6glich. Bitte melden Sie sich immer vorab telefonisch unter 0031 597 521818 oder \u00fcber das\u00a0Kontaktformular, damit wir einen Termin abstimmen k\u00f6nnen. Telefonisch und\/oder online stehen unsere Berater*innen ebenfalls zur Verf\u00fcgung.\u00a0\u00a0 Im [&hellip;]\" \/>\n<meta property=\"og:url\" content=\"https:\/\/grenzinfo.eu\/edr\/sprechtage\/\" \/>\n<meta property=\"og:site_name\" content=\"Ems Dollart Region\" \/>\n<meta property=\"article:modified_time\" content=\"2025-06-16T08:43:36+00:00\" \/>\n<meta name=\"twitter:card\" content=\"summary_large_image\" \/>\n<meta name=\"twitter:label1\" content=\"Gesch\u00e4tzte Lesezeit\" \/>\n\t<meta name=\"twitter:data1\" content=\"3\u00a0Minuten\" \/>\n<script type=\"application\/ld+json\" class=\"yoast-schema-graph\">{\"@context\":\"https:\\\/\\\/schema.org\",\"@graph\":[{\"@type\":\"WebPage\",\"@id\":\"https:\\\/\\\/grenzinfo.eu\\\/edr\\\/sprechtage\\\/\",\"url\":\"https:\\\/\\\/grenzinfo.eu\\\/edr\\\/sprechtage\\\/\",\"name\":\"Sprechtage - Ems Dollart Region\",\"isPartOf\":{\"@id\":\"https:\\\/\\\/grenzinfo.eu\\\/edr\\\/#website\"},\"datePublished\":\"2018-11-18T12:22:40+00:00\",\"dateModified\":\"2025-06-16T08:43:36+00:00\",\"breadcrumb\":{\"@id\":\"https:\\\/\\\/grenzinfo.eu\\\/edr\\\/sprechtage\\\/#breadcrumb\"},\"inLanguage\":\"de\",\"potentialAction\":[{\"@type\":\"ReadAction\",\"target\":[\"https:\\\/\\\/grenzinfo.eu\\\/edr\\\/sprechtage\\\/\"]}]},{\"@type\":\"BreadcrumbList\",\"@id\":\"https:\\\/\\\/grenzinfo.eu\\\/edr\\\/sprechtage\\\/#breadcrumb\",\"itemListElement\":[{\"@type\":\"ListItem\",\"position\":1,\"name\":\"Home\",\"item\":\"https:\\\/\\\/grenzinfo.eu\\\/edr\\\/\"},{\"@type\":\"ListItem\",\"position\":2,\"name\":\"Sprechtage\"}]},{\"@type\":\"WebSite\",\"@id\":\"https:\\\/\\\/grenzinfo.eu\\\/edr\\\/#website\",\"url\":\"https:\\\/\\\/grenzinfo.eu\\\/edr\\\/\",\"name\":\"Ems Dollart Region\",\"description\":\"Grenzinfopunkt Ems Dollart Region\",\"potentialAction\":[{\"@type\":\"SearchAction\",\"target\":{\"@type\":\"EntryPoint\",\"urlTemplate\":\"https:\\\/\\\/grenzinfo.eu\\\/edr\\\/?s={search_term_string}\"},\"query-input\":{\"@type\":\"PropertyValueSpecification\",\"valueRequired\":true,\"valueName\":\"search_term_string\"}}],\"inLanguage\":\"de\"}]}<\/script>\n<!-- \/ Yoast SEO plugin. -->","yoast_head_json":{"title":"Sprechtage - Ems Dollart Region","robots":{"index":"index","follow":"follow","max-snippet":"max-snippet:-1","max-image-preview":"max-image-preview:large","max-video-preview":"max-video-preview:-1"},"canonical":"https:\/\/grenzinfo.eu\/edr\/sprechtage\/","og_locale":"de_DE","og_type":"article","og_title":"Sprechtage - Ems Dollart Region","og_description":"Sprechtage und Sprechstunden GIP EDR Pers\u00f6nliche und kostenlose Beratung beim GIP EDR\u00a0 Es sind pers\u00f6nliche Beratungsgespr\u00e4che in der Gesch\u00e4ftsstelle der EDR in Bad Nieuweschans m\u00f6glich. Bitte melden Sie sich immer vorab telefonisch unter 0031 597 521818 oder \u00fcber das\u00a0Kontaktformular, damit wir einen Termin abstimmen k\u00f6nnen. Telefonisch und\/oder online stehen unsere Berater*innen ebenfalls zur Verf\u00fcgung.\u00a0\u00a0 Im [&hellip;]","og_url":"https:\/\/grenzinfo.eu\/edr\/sprechtage\/","og_site_name":"Ems Dollart Region","article_modified_time":"2025-06-16T08:43:36+00:00","twitter_card":"summary_large_image","twitter_misc":{"Gesch\u00e4tzte Lesezeit":"3\u00a0Minuten"},"schema":{"@context":"https:\/\/schema.org","@graph":[{"@type":"WebPage","@id":"https:\/\/grenzinfo.eu\/edr\/sprechtage\/","url":"https:\/\/grenzinfo.eu\/edr\/sprechtage\/","name":"Sprechtage - Ems Dollart Region","isPartOf":{"@id":"https:\/\/grenzinfo.eu\/edr\/#website"},"datePublished":"2018-11-18T12:22:40+00:00","dateModified":"2025-06-16T08:43:36+00:00","breadcrumb":{"@id":"https:\/\/grenzinfo.eu\/edr\/sprechtage\/#breadcrumb"},"inLanguage":"de","potentialAction":[{"@type":"ReadAction","target":["https:\/\/grenzinfo.eu\/edr\/sprechtage\/"]}]},{"@type":"BreadcrumbList","@id":"https:\/\/grenzinfo.eu\/edr\/sprechtage\/#breadcrumb","itemListElement":[{"@type":"ListItem","position":1,"name":"Home","item":"https:\/\/grenzinfo.eu\/edr\/"},{"@type":"ListItem","position":2,"name":"Sprechtage"}]},{"@type":"WebSite","@id":"https:\/\/grenzinfo.eu\/edr\/#website","url":"https:\/\/grenzinfo.eu\/edr\/","name":"Ems Dollart Region","description":"Grenzinfopunkt Ems Dollart Region","potentialAction":[{"@type":"SearchAction","target":{"@type":"EntryPoint","urlTemplate":"https:\/\/grenzinfo.eu\/edr\/?s={search_term_string}"},"query-input":{"@type":"PropertyValueSpecification","valueRequired":true,"valueName":"search_term_string"}}],"inLanguage":"de"}]}},"lang":"de","translations":{"de":4385,"nl":4395},"pll_sync_post":[],"_links":{"self":[{"href":"https:\/\/grenzinfo.eu\/edr\/wp-json\/wp\/v2\/pages\/4385","targetHints":{"allow":["GET"]}}],"collection":[{"href":"https:\/\/grenzinfo.eu\/edr\/wp-json\/wp\/v2\/pages"}],"about":[{"href":"https:\/\/grenzinfo.eu\/edr\/wp-json\/wp\/v2\/types\/page"}],"author":[{"embeddable":true,"href":"https:\/\/grenzinfo.eu\/edr\/wp-json\/wp\/v2\/users\/1"}],"replies":[{"embeddable":true,"href":"https:\/\/grenzinfo.eu\/edr\/wp-json\/wp\/v2\/comments?post=4385"}],"version-history":[{"count":10,"href":"https:\/\/grenzinfo.eu\/edr\/wp-json\/wp\/v2\/pages\/4385\/revisions"}],"predecessor-version":[{"id":13822,"href":"https:\/\/grenzinfo.eu\/edr\/wp-json\/wp\/v2\/pages\/4385\/revisions\/13822"}],"wp:attachment":[{"href":"https:\/\/grenzinfo.eu\/edr\/wp-json\/wp\/v2\/media?parent=4385"}],"curies":[{"name":"wp","href":"https:\/\/api.w.org\/{rel}","templated":true}]}}