{"id":30403,"date":"2026-03-18T09:45:00","date_gmt":"2026-03-18T08:45:00","guid":{"rendered":"https:\/\/grenzinfo.eu\/emra\/cross_event\/deutsch-niederl%c3%a4ndischer-themensprechtag-familienleistungen-2026-03-18-0945\/"},"modified":"2025-12-04T15:00:22","modified_gmt":"2025-12-04T14:00:22","slug":"deutsch-niederl%c3%a4ndischer-themensprechtag-familienleistungen-2026-03-18-0945","status":"publish","type":"cross_event","link":"https:\/\/grenzinfo.eu\/emra\/events\/deutsch-niederl%c3%a4ndischer-themensprechtag-familienleistungen-2026-03-18-0945\/","title":{"rendered":"Deutsch-Niederl\u00e4ndischer Themensprechtag: Familienleistungen"},"content":{"rendered":"<div class=\"elementor-element elementor-element-0215b12 elementor-widget elementor-widget-text-editor\" data-id=\"0215b12\" data-element_type=\"widget\" data-widget_type=\"text-editor.default\">\n<div class=\"elementor-widget-container\">\n<div class=\"elementor-element elementor-element-9fa0e4b elementor-widget elementor-widget-theme-post-content\" data-id=\"9fa0e4b\" data-element_type=\"widget\" data-widget_type=\"theme-post-content.default\">\n<div class=\"elementor-widget-container\">\n<p>Sie arbeiten als Grenzpendler*in in Deutschland oder den Niederlanden und haben Fragen zum deutschen und niederl\u00e4ndischen Kindergeld oder zum Elterngeld?<\/p>\n<p>Die GrenzInfoPunkte entlang der deutsch-niederl\u00e4ndischen Grenze veranstalten einen Themensprechtag zu diesem Thema. Bei dieser digitalen Sprechstunde k\u00f6nnen Sie direkt mit Mitarbeiter*innen der zust\u00e4ndigen Beh\u00f6rden \u00fcber folgende Themen sprechen.<\/p>\n<ul>\n<li>Kindergeld<\/li>\n<li>Kindgebonden Budget<\/li>\n<li>Kinderbijslag<\/li>\n<li>Ouderschapsverlof<\/li>\n<li>Elternzeit<\/li>\n<li>Elterngeld<\/li>\n<li>Kindergeldzuschlag<\/li>\n<\/ul>\n<p>Der Themensprechtag Familienleistungen findet zwischen 9.45 und 16.30 Uhr statt. Die Dauer der pers\u00f6nlichen Beratungsgespr\u00e4che ist auf maximal 45 Minuten begrenzt.<\/p>\n<p>Expert*innen der Familienkasse Rheinland-Pfalz-Saarland, grenznaher Elterngeldstellen, einer f\u00fcr Kindergeldzuschlag zust\u00e4ndigen Familienkasse aus Nordrhein-Westfalen, der Sociale Verzekeringsbank (Bureau voor Duitse Zaken) und der GrenzInfoPunkte werden bei dem Treffen anwesend sein und Ihre pers\u00f6nlichen Fragen beantworten.<\/p>\n<p>Bei Interesse nehmen Sie Kontakt zu uns auf \u00fcber unsere <strong><a href=\"https:\/\/grenzinfo.eu\/emra\/anfrage\/\">Online-Anfrage<\/a><\/strong> oder\u00a0\u260e de: <strong>+49 (0)241 568 61-0<\/strong> \u260e nl: <strong>+31 (0) 45 545 6 178<\/strong>.\u00a0 Sie erreichen uns dienstags bis donnerstags von 09:00 \u2013 15:30 Uhr und freitags von 09:00-12:30 Uhr.<\/p>\n<p>F\u00fcr die Teilnahme ist es erforderlich, dass Informationen zu Ihrer Situation (wo leben Sie? Arbeiten beide Elternteile und wenn ja, in welchem Land\/welchen L\u00e4ndern?) vorab zur Vorbereitung mit den teilnehmenden Berater*innen geteilt werden. Bitte schildern Sie Ihre Situation so genau wie m\u00f6glich, sodass der Termin von uns gut vorbereitet werden kann.<\/p>\n<p>Durch Ihre Anmeldung und Teilnahme akzeptieren Sie die Weitergabe obenstehender Informationen an die Berater*innen der erw\u00e4hnten anwesenden Beratungsstellen.<\/p>\n<p>Die <strong>Anmeldefrist endet am 11.03.2026<\/strong>. Die Pl\u00e4tze sind begrenzt<\/p>\n<\/div>\n<\/div>\n<\/div>\n<\/div>\n<div class=\"elementor-element elementor-element-d386bb7 elementor-widget elementor-widget-text-editor\" data-id=\"d386bb7\" data-element_type=\"widget\" data-widget_type=\"text-editor.default\">\n<div class=\"elementor-widget-container\"><\/div>\n<\/div>\n","protected":false},"featured_media":19905,"template":"","meta":{"_acf_changed":false},"categories":[],"event-category":[750],"class_list":["post-30403","cross_event","type-cross_event","status-publish","has-post-thumbnail","hentry","event-category-aachen-eurode"],"acf":{"cross_event_location":"Online","cross_event_address":"Online","cross_event_group_preselect":"","cross_event_start":"2026-03-18 09:45:00","cross_event_end":"2026-03-18 16:30:00","cross_event_dates":null,"cross_event_group_id":"cross_event_690074dc68464","cross_event_url":"https:\/\/grenzinfo.eu\/emra\/cross_event\/deutsch-niederl%c3%a4ndischer-themensprechtag-familienleistungen-2026-03-18-0945\/","cross_event_external":false,"is_new_post_flag":false,"is_translate_post_flag":false},"lang":"de","translations":{"de":30403,"nl":30404,"en":30406},"pll_sync_post":[],"_links":{"self":[{"href":"https:\/\/grenzinfo.eu\/emra\/wp-json\/wp\/v2\/event\/30403","targetHints":{"allow":["GET"]}}],"collection":[{"href":"https:\/\/grenzinfo.eu\/emra\/wp-json\/wp\/v2\/event"}],"about":[{"href":"https:\/\/grenzinfo.eu\/emra\/wp-json\/wp\/v2\/types\/cross_event"}],"wp:featuredmedia":[{"embeddable":true,"href":"https:\/\/grenzinfo.eu\/emra\/wp-json\/wp\/v2\/media\/19905"}],"wp:attachment":[{"href":"https:\/\/grenzinfo.eu\/emra\/wp-json\/wp\/v2\/media?parent=30403"}],"wp:term":[{"taxonomy":"category","embeddable":true,"href":"https:\/\/grenzinfo.eu\/emra\/wp-json\/wp\/v2\/categories?post=30403"},{"taxonomy":"event-category","embeddable":true,"href":"https:\/\/grenzinfo.eu\/emra\/wp-json\/wp\/v2\/event-category?post=30403"}],"curies":[{"name":"wp","href":"https:\/\/api.w.org\/{rel}","templated":true}]}}

Deutsch-Niederländischer Themensprechtag: Familienleistungen

<div class="elementor-element elementor-element-0215b12 elementor-widget elementor-widget-text-editor" data-id="0215b12" data-element_type="widget" data-widget_type="text-editor.default">
<div class="elementor-widget-container">
<div class="elementor-element elementor-element-9fa0e4b elementor-widget elementor-widget-theme-post-content" data-id="9fa0e4b" data-element_type="widget" data-widget_type="theme-post-content.default">
<div class="elementor-widget-container">
<p>Sie arbeiten als Grenzpendler*in in Deutschland oder den Niederlanden und haben Fragen zum deutschen und niederländischen Kindergeld oder zum Elterngeld?</p>
<p>Die GrenzInfoPunkte entlang der deutsch-niederländischen Grenze veranstalten einen Themensprechtag zu diesem Thema. Bei dieser digitalen Sprechstunde können Sie direkt mit Mitarbeiter*innen der zuständigen Behörden über folgende Themen sprechen.</p>
<ul>
<li>Kindergeld</li>
<li>Kindgebonden Budget</li>
<li>Kinderbijslag</li>
<li>Ouderschapsverlof</li>
<li>Elternzeit</li>
<li>Elterngeld</li>
<li>Kindergeldzuschlag</li>
</ul>
<p>Der Themensprechtag Familienleistungen findet zwischen 9.45 und 16.30 Uhr statt. Die Dauer der persönlichen Beratungsgespräche ist auf maximal 45 Minuten begrenzt.</p>
<p>Expert*innen der Familienkasse Rheinland-Pfalz-Saarland, grenznaher Elterngeldstellen, einer für Kindergeldzuschlag zuständigen Familienkasse aus Nordrhein-Westfalen, der Sociale Verzekeringsbank (Bureau voor Duitse Zaken) und der GrenzInfoPunkte werden bei dem Treffen anwesend sein und Ihre persönlichen Fragen beantworten.</p>
<p>Bei Interesse nehmen Sie Kontakt zu uns auf über unsere <strong><a href="https://grenzinfo.eu/emra/anfrage/">Online-Anfrage</a></strong> oder ☎ de: <strong>+49 (0)241 568 61-0</strong> ☎ nl: <strong>+31 (0) 45 545 6 178</strong>.  Sie erreichen uns dienstags bis donnerstags von 09:00 – 15:30 Uhr und freitags von 09:00-12:30 Uhr.</p>
<p>Für die Teilnahme ist es erforderlich, dass Informationen zu Ihrer Situation (wo leben Sie? Arbeiten beide Elternteile und wenn ja, in welchem Land/welchen Ländern?) vorab zur Vorbereitung mit den teilnehmenden Berater*innen geteilt werden. Bitte schildern Sie Ihre Situation so genau wie möglich, sodass der Termin von uns gut vorbereitet werden kann.</p>
<p>Durch Ihre Anmeldung und Teilnahme akzeptieren Sie die Weitergabe obenstehender Informationen an die Berater*innen der erwähnten anwesenden Beratungsstellen.</p>
<p>Die <strong>Anmeldefrist endet am 11.03.2026</strong>. Die Plätze sind begrenzt</p>
</div>
</div>
</div>
</div>
<div class="elementor-element elementor-element-d386bb7 elementor-widget elementor-widget-text-editor" data-id="d386bb7" data-element_type="widget" data-widget_type="text-editor.default">
<div class="elementor-widget-container"></div>
</div>
