{"id":4385,"date":"2018-11-18T13:22:40","date_gmt":"2018-11-18T12:22:40","guid":{"rendered":"https:\/\/grenzinfo.eu\/emrm\/?page_id=4385"},"modified":"2022-06-10T14:13:27","modified_gmt":"2022-06-10T12:13:27","slug":"sprechtage","status":"publish","type":"page","link":"https:\/\/grenzinfo.eu\/emrm\/de\/sprechtage\/","title":{"rendered":"Sprechtage"},"content":{"rendered":"\t\t<div data-elementor-type=\"wp-post\" data-elementor-id=\"4385\" class=\"elementor elementor-4385\" data-elementor-post-type=\"page\">\n\t\t\t\t\t\t<section class=\"elementor-section elementor-top-section elementor-element elementor-element-94bb2ab elementor-section-boxed elementor-section-height-default elementor-section-height-default\" data-id=\"94bb2ab\" data-element_type=\"section\" data-e-type=\"section\">\n\t\t\t\t\t\t<div class=\"elementor-container elementor-column-gap-default\">\n\t\t\t\t\t<div class=\"elementor-column elementor-col-50 elementor-top-column elementor-element elementor-element-40355e5\" data-id=\"40355e5\" data-element_type=\"column\" data-e-type=\"column\">\n\t\t\t<div class=\"elementor-widget-wrap elementor-element-populated\">\n\t\t\t\t\t\t<div class=\"elementor-element elementor-element-fb65f68 elementor-widget elementor-widget-heading\" data-id=\"fb65f68\" data-element_type=\"widget\" data-e-type=\"widget\" data-widget_type=\"heading.default\">\n\t\t\t\t<div class=\"elementor-widget-container\">\n\t\t\t\t\t<h1 class=\"elementor-heading-title elementor-size-default\">Grenzg\u00e4nger-Sprechtage<\/h1>\t\t\t\t<\/div>\n\t\t\t\t<\/div>\n\t\t\t\t<div class=\"elementor-element elementor-element-8347afa elementor-widget elementor-widget-text-editor\" data-id=\"8347afa\" data-element_type=\"widget\" data-e-type=\"widget\" data-widget_type=\"text-editor.default\">\n\t\t\t\t<div class=\"elementor-widget-container\">\n\t\t\t\t\t\t\t\t\t<h3>Pers\u00f6nliche Beratung f\u00fcr Grenzg\u00e4nger aus Belgien, Deutschland und den Niederlanden<\/h3><p>Wir kl\u00e4ren Ihre Fragen zu Krankenversicherung und Rentenversicherung, Kindergeld und Elterngeld, Arbeitssuche und Arbeitsaufnahme, Steuerfragen und Umzug \u2013 in Zusammenarbeit mit Experten folgender Institutionen:<\/p><ul><li>Agentur f\u00fcr Arbeit Aachen-D\u00fcren (D)<\/li><li>Arbeitsamt der Deutschsprachigen Gemeinschaft (B)<\/li><li>BDZ \u2013 Bureau voor Duitse Zaken der Sociale Verzekeringsbank (NL)<br \/>CKK \u2013 Christliche Krankenkasse (B)<\/li><li>Deutsche Rentenversicherung Rheinland (D)<\/li><li>Gewerkschaft CSC-Grenzg\u00e4ngerdienst (B)<\/li><li>Krankenkasse AOK Rheinland\/Hamburg (D)<\/li><li>Krankenkasse CZ Zorgverzekeraar (NL)<\/li><li>SMart \u2013 der Partner Ihrer kreativen Laufbahn (B)<\/li><li>Team GWO (Grensoverschrijdend Werken en Ondernemen) \u2013 Finanzverwaltung NRW und Belastingdienst NL<\/li><li>Uitvoeringsinstituut Werknemersverzekeringen (UWV) (NL)<\/li><li>Xistence \u2013 Existenzgr\u00fcndungsinitiative Ostbelgien (B)<\/li><\/ul>\t\t\t\t\t\t\t\t<\/div>\n\t\t\t\t<\/div>\n\t\t\t\t<div class=\"elementor-element elementor-element-a8fa867 elementor-widget-divider--view-line elementor-widget elementor-widget-divider\" data-id=\"a8fa867\" data-element_type=\"widget\" data-e-type=\"widget\" data-widget_type=\"divider.default\">\n\t\t\t\t<div class=\"elementor-widget-container\">\n\t\t\t\t\t\t\t<div class=\"elementor-divider\">\n\t\t\t<span class=\"elementor-divider-separator\">\n\t\t\t\t\t\t<\/span>\n\t\t<\/div>\n\t\t\t\t\t\t<\/div>\n\t\t\t\t<\/div>\n\t\t\t\t<div class=\"elementor-element elementor-element-5931b80 elementor-widget elementor-widget-text-editor\" data-id=\"5931b80\" data-element_type=\"widget\" data-e-type=\"widget\" data-widget_type=\"text-editor.default\">\n\t\t\t\t<div class=\"elementor-widget-container\">\n\t\t\t\t\t\t\t\t\t<p><strong>Sprechstunden in 2022<\/strong><\/p><p>In 2022 starten wir wieder die Sprechstunden mit dem Team GWO und dem B\u00fcro f\u00fcr Belgische Angelegenheiten (BBZ). Diese Sprechstunden finden jeden zweiten Montag im Monat in der Stadtverwaltung von Maastricht statt (9.00 &#8211; 15.00 Uhr). Je nach Situation des Covid 19 werden Kollegen des Teams GWO und BBZ pers\u00f6nlich anwesend sein, um Sie zu beraten, oder ein Kollege des GrenzinfoPunktes wird anwesend sein und \u00fcber eine Videoanlage mit der zust\u00e4ndigen Beh\u00f6rde in Kontakt treten.<\/p><p><strong>F\u00fcr wen ist diese Beratung gedacht?<\/strong><\/p><p>\u00dcberqueren Sie die Grenze, um zu leben, zu arbeiten, Gesch\u00e4fte zu machen oder zu studieren? Wenn ja, dann werden Sie mit einer Menge konfrontiert. Vor allem, wenn es um Sozialversicherung und Steuern geht. Vielleicht haben Sie aber auch praktische Fragen, etwa zum Import eines Autos oder zu den Unterschieden im Arbeitsrecht. Um all diese Fragen auf einmal beantwortet zu bekommen, k\u00f6nnen Sie die kostenlose Sprechstunde nutzen, die der Maastricht GrenzinfoPunkt in Zusammenarbeit mit dem B\u00fcro f\u00fcr Belgische Angelegenheiten (BBZ) und Team GWO organisiert.<\/p><p>In dieser Sprechstunde k\u00f6nnen Sie dem B\u00fcro f\u00fcr Belgische Angelegenheiten (BBZ) all Ihre Fragen zu Ihrer Rente, Ihrem Kindergeld und Ihrer medizinischen Versorgung stellen. Das BBZ ist Teil der Sozialversicherungsanstalt (SVB) und nimmt neben der SVB auch Aufgaben f\u00fcr das Durchf\u00fchrungsorgan der Arbeitnehmerversicherungen (UWV) und f\u00fcr die CAK wahr.<\/p><p>In dieser Sprechstunde beantwortet Ihnen das Team GWO alle Fragen rund um das Thema Steuern, wie z.B. Ihre Steuererkl\u00e4rung, die Besteuerung von Einkommen und Verm\u00f6gen sowie die Vermeidung von Doppelbesteuerung. Team GWO ist eine Kooperation zwischen den niederl\u00e4ndischen, belgischen und deutschen Steuerbeh\u00f6rden. In der Sprechstunde steht Ihnen ein Mitarbeiter der niederl\u00e4ndischen und belgischen Steuerbeh\u00f6rden zur Verf\u00fcgung. Wenn Sie steuerliche Fragen zu den Niederlanden und Deutschland haben, z\u00f6gern Sie bitte nicht, uns zu kontaktieren. Wir k\u00f6nnen auch Ihnen eine passende L\u00f6sung anbieten.<\/p><p>Mit all Ihren Fragen zu praktischen Aspekten wie z.B. der Einfuhr des Autos, den Unterschieden in der Urlaubsstruktur, der Beantragung einer Bsn-Nummer, der Erlangung einer nationalen Nummer k\u00f6nnen Sie sich an einen Mitarbeiter des GrenzinfoPunkts wenden. Der GrenzinfoPunkt arbeitet eng mit dem<a href=\"https:\/\/grensarbeid.eu\/maastricht\/\"> Service Grenz\u00fcberschreitende Arbeitsvermittlung<\/a> zusammen. Wenn Sie also Fragen zu Arbeitsm\u00f6glichkeiten im Nachbarland haben, k\u00f6nnen wir Ihnen ebenfalls behilflich sein. Auch mit <a href=\"https:\/\/grenzarbeit.eu\/ebc\/?cn-reloaded=1\">SGA Deutschland<\/a> besteht eine enge Zusammenarbeit.<\/p><p><strong>Alle unsere Sprechstunden finden nur nach Vereinbarung statt.<\/strong><\/p><p><strong>Wo?<\/strong><\/p><p><strong>MAASTRICHT<\/strong><\/p><p>Belgisch-niederl\u00e4ndische Sprechtage<br \/>Stadtverwaltung von Maastricht<br \/>Mosae Forum 10<br \/>F\u00fcr Arbeitnehmer, Selbstst\u00e4ndige und Arbeitgeber mit grenz\u00fcberschreitendem Personal<br \/>Beratung zu Sozialversicherung, Besch\u00e4ftigung, Umzug, Steuern<br \/>Von 9.00 bis 15.00 Uhr &#8211; nach Vereinbarung &#8211;<br \/>&#8211; 13. Juni 2022<br \/>&#8211; 11. Juli 2022<br \/>&#8211; 8. August 2022<br \/>&#8211; 12. September 2022<br \/>&#8211; 10. Oktober 2022<br \/>&#8211; 14. November 2022<br \/>&#8211; 12. Dezember 2022<\/p><p>Gemeinsam mit dem B\u00fcro f\u00fcr belgische Angelegenheiten und der Steuerverwaltung der Niederlande und des Belgiens.<br \/>(f\u00fcr das B\u00fcro f\u00fcr deutsche Angelegenheiten und das Finanzamt Deutschland ist es m\u00f6glich, auf Anfrage einen Termin zu vereinbaren)<\/p><p>Sie k\u00f6nnen einen Termin \u00fcber das Kontaktformular auf der Website vereinbaren. Sie k\u00f6nnen sich auch an die GrenzInfoPunkt Maastricht (T. (0031) (0)43 350 50 20) oder das B\u00fcro f\u00fcr belgische Angelegenheiten (T. (0031) (0)76 548 58 40) wenden.<\/p><p>Wenn Sie Interesse haben oder weitere Informationen \u00fcber die M\u00f6glichkeiten erhalten m\u00f6chten, k\u00f6nnen Sie sich gerne an uns wenden. Wir helfen Ihnen gerne weiter.<\/p>\t\t\t\t\t\t\t\t<\/div>\n\t\t\t\t<\/div>\n\t\t\t\t\t<\/div>\n\t\t<\/div>\n\t\t\t\t<div class=\"elementor-column elementor-col-50 elementor-top-column elementor-element elementor-element-fed1f9e\" data-id=\"fed1f9e\" data-element_type=\"column\" data-e-type=\"column\" data-settings=\"{&quot;background_background&quot;:&quot;classic&quot;}\">\n\t\t\t<div class=\"elementor-widget-wrap elementor-element-populated\">\n\t\t\t\t\t\t<div class=\"elementor-element elementor-element-bd59ff4 elementor-share-buttons--view-icon elementor-grid-tablet-3 elementor-grid-mobile-0 elementor-share-buttons--skin-gradient elementor-share-buttons--shape-square elementor-grid-0 elementor-share-buttons--color-official elementor-widget elementor-widget-share-buttons\" data-id=\"bd59ff4\" data-element_type=\"widget\" data-e-type=\"widget\" data-widget_type=\"share-buttons.default\">\n\t\t\t\t<div class=\"elementor-widget-container\">\n\t\t\t\t\t\t\t<div class=\"elementor-grid\" role=\"list\">\n\t\t\t\t\t\t\t\t<div class=\"elementor-grid-item\" role=\"listitem\">\n\t\t\t\t\t\t<div class=\"elementor-share-btn elementor-share-btn_facebook\" role=\"button\" tabindex=\"0\" aria-label=\"Share on facebook\">\n\t\t\t\t\t\t\t\t\t\t\t\t\t\t\t<span class=\"elementor-share-btn__icon\">\n\t\t\t\t\t\t\t\t<i class=\"fab fa-facebook\" aria-hidden=\"true\"><\/i>\t\t\t\t\t\t\t<\/span>\n\t\t\t\t\t\t\t\t\t\t\t\t\t\t\t\t\t\t\t\t<\/div>\n\t\t\t\t\t<\/div>\n\t\t\t\t\t\t\t\t\t<div class=\"elementor-grid-item\" role=\"listitem\">\n\t\t\t\t\t\t<div class=\"elementor-share-btn elementor-share-btn_xing\" role=\"button\" tabindex=\"0\" aria-label=\"Share on xing\">\n\t\t\t\t\t\t\t\t\t\t\t\t\t\t\t<span class=\"elementor-share-btn__icon\">\n\t\t\t\t\t\t\t\t<i class=\"fab fa-xing\" aria-hidden=\"true\"><\/i>\t\t\t\t\t\t\t<\/span>\n\t\t\t\t\t\t\t\t\t\t\t\t\t\t\t\t\t\t\t\t<\/div>\n\t\t\t\t\t<\/div>\n\t\t\t\t\t\t\t\t\t<div class=\"elementor-grid-item\" role=\"listitem\">\n\t\t\t\t\t\t<div class=\"elementor-share-btn elementor-share-btn_linkedin\" role=\"button\" tabindex=\"0\" aria-label=\"Share on linkedin\">\n\t\t\t\t\t\t\t\t\t\t\t\t\t\t\t<span class=\"elementor-share-btn__icon\">\n\t\t\t\t\t\t\t\t<i class=\"fab fa-linkedin\" aria-hidden=\"true\"><\/i>\t\t\t\t\t\t\t<\/span>\n\t\t\t\t\t\t\t\t\t\t\t\t\t\t\t\t\t\t\t\t<\/div>\n\t\t\t\t\t<\/div>\n\t\t\t\t\t\t<\/div>\n\t\t\t\t\t\t<\/div>\n\t\t\t\t<\/div>\n\t\t\t\t<div class=\"elementor-element elementor-element-5726680 elementor-widget elementor-widget-heading\" data-id=\"5726680\" data-element_type=\"widget\" data-e-type=\"widget\" data-widget_type=\"heading.default\">\n\t\t\t\t<div class=\"elementor-widget-container\">\n\t\t\t\t\t<h3 class=\"elementor-heading-title elementor-size-default\">DEMN\u00c4CHST<\/h3>\t\t\t\t<\/div>\n\t\t\t\t<\/div>\n\t\t\t\t<div class=\"elementor-element elementor-element-9ded2ee elementor-widget elementor-widget-wp-widget-atl_finderbox_widget\" data-id=\"9ded2ee\" data-element_type=\"widget\" data-e-type=\"widget\" data-widget_type=\"wp-widget-atl_finderbox_widget.default\">\n\t\t\t\t<div class=\"elementor-widget-container\">\n\t\t\t\t\t        <div class=\"text-center bg-white p-4\">\n            <i class=\"fa fa-info-circle\" style=\"font-size: 66px\"><\/i>\n            <p>Grenzinfopunkte in Ihrer N\u00e4he<\/p>\n            <a href=\"https:\/\/grenzinfo.eu\/emrm\/#finder\" class=\"btn btn-success px-4\"><i class=\"fa fa-chevron-right\"><\/i> <strong>Finder<\/strong><\/a>\n        <\/div>\n    \t\t\t\t<\/div>\n\t\t\t\t<\/div>\n\t\t\t\t\t<\/div>\n\t\t<\/div>\n\t\t\t\t\t<\/div>\n\t\t<\/section>\n\t\t\t\t<\/div>\n\t\t","protected":false},"excerpt":{"rendered":"<p>Grenzg\u00e4nger-Sprechtage Pers\u00f6nliche Beratung f\u00fcr Grenzg\u00e4nger aus Belgien, Deutschland und den Niederlanden Wir kl\u00e4ren Ihre Fragen zu Krankenversicherung und Rentenversicherung, Kindergeld und Elterngeld, Arbeitssuche und Arbeitsaufnahme, Steuerfragen und Umzug \u2013 in Zusammenarbeit mit Experten folgender Institutionen: Agentur f\u00fcr Arbeit Aachen-D\u00fcren (D) Arbeitsamt der Deutschsprachigen Gemeinschaft (B) BDZ \u2013 Bureau voor Duitse Zaken der Sociale Verzekeringsbank (NL)CKK [&hellip;]<\/p>\n","protected":false},"author":1,"featured_media":0,"parent":0,"menu_order":0,"comment_status":"closed","ping_status":"closed","template":"","meta":{"_acf_changed":false,"footnotes":""},"class_list":["post-4385","page","type-page","status-publish","hentry"],"acf":[],"yoast_head":"<!-- This site is optimized with the Yoast SEO plugin v27.4 - https:\/\/yoast.com\/product\/yoast-seo-wordpress\/ -->\n<title>Sprechtage - Maastricht<\/title>\n<meta name=\"robots\" content=\"index, follow, max-snippet:-1, max-image-preview:large, max-video-preview:-1\" \/>\n<link rel=\"canonical\" href=\"https:\/\/grenzinfo.eu\/emrm\/de\/sprechtage\/\" \/>\n<meta property=\"og:locale\" content=\"de_DE\" \/>\n<meta property=\"og:type\" content=\"article\" \/>\n<meta property=\"og:title\" content=\"Sprechtage - Maastricht\" \/>\n<meta property=\"og:description\" content=\"Grenzg\u00e4nger-Sprechtage Pers\u00f6nliche Beratung f\u00fcr Grenzg\u00e4nger aus Belgien, Deutschland und den Niederlanden Wir kl\u00e4ren Ihre Fragen zu Krankenversicherung und Rentenversicherung, Kindergeld und Elterngeld, Arbeitssuche und Arbeitsaufnahme, Steuerfragen und Umzug \u2013 in Zusammenarbeit mit Experten folgender Institutionen: Agentur f\u00fcr Arbeit Aachen-D\u00fcren (D) Arbeitsamt der Deutschsprachigen Gemeinschaft (B) BDZ \u2013 Bureau voor Duitse Zaken der Sociale Verzekeringsbank (NL)CKK [&hellip;]\" \/>\n<meta property=\"og:url\" content=\"https:\/\/grenzinfo.eu\/emrm\/de\/sprechtage\/\" \/>\n<meta property=\"og:site_name\" content=\"Maastricht\" \/>\n<meta property=\"article:modified_time\" content=\"2022-06-10T12:13:27+00:00\" \/>\n<meta name=\"twitter:card\" content=\"summary_large_image\" \/>\n<meta name=\"twitter:label1\" content=\"Gesch\u00e4tzte Lesezeit\" \/>\n\t<meta name=\"twitter:data1\" content=\"3\u00a0Minuten\" \/>\n<script type=\"application\/ld+json\" class=\"yoast-schema-graph\">{\"@context\":\"https:\\\/\\\/schema.org\",\"@graph\":[{\"@type\":\"WebPage\",\"@id\":\"https:\\\/\\\/grenzinfo.eu\\\/emrm\\\/de\\\/sprechtage\\\/\",\"url\":\"https:\\\/\\\/grenzinfo.eu\\\/emrm\\\/de\\\/sprechtage\\\/\",\"name\":\"Sprechtage - Maastricht\",\"isPartOf\":{\"@id\":\"https:\\\/\\\/grenzinfo.eu\\\/emrm\\\/#website\"},\"datePublished\":\"2018-11-18T12:22:40+00:00\",\"dateModified\":\"2022-06-10T12:13:27+00:00\",\"breadcrumb\":{\"@id\":\"https:\\\/\\\/grenzinfo.eu\\\/emrm\\\/de\\\/sprechtage\\\/#breadcrumb\"},\"inLanguage\":\"de\",\"potentialAction\":[{\"@type\":\"ReadAction\",\"target\":[\"https:\\\/\\\/grenzinfo.eu\\\/emrm\\\/de\\\/sprechtage\\\/\"]}]},{\"@type\":\"BreadcrumbList\",\"@id\":\"https:\\\/\\\/grenzinfo.eu\\\/emrm\\\/de\\\/sprechtage\\\/#breadcrumb\",\"itemListElement\":[{\"@type\":\"ListItem\",\"position\":1,\"name\":\"Home\",\"item\":\"https:\\\/\\\/grenzinfo.eu\\\/emrm\\\/nl\\\/\"},{\"@type\":\"ListItem\",\"position\":2,\"name\":\"Sprechtage\"}]},{\"@type\":\"WebSite\",\"@id\":\"https:\\\/\\\/grenzinfo.eu\\\/emrm\\\/#website\",\"url\":\"https:\\\/\\\/grenzinfo.eu\\\/emrm\\\/\",\"name\":\"Maastricht\",\"description\":\"Grenzinfopunkt Maastricht\",\"potentialAction\":[{\"@type\":\"SearchAction\",\"target\":{\"@type\":\"EntryPoint\",\"urlTemplate\":\"https:\\\/\\\/grenzinfo.eu\\\/emrm\\\/?s={search_term_string}\"},\"query-input\":{\"@type\":\"PropertyValueSpecification\",\"valueRequired\":true,\"valueName\":\"search_term_string\"}}],\"inLanguage\":\"de\"}]}<\/script>\n<!-- \/ Yoast SEO plugin. -->","yoast_head_json":{"title":"Sprechtage - Maastricht","robots":{"index":"index","follow":"follow","max-snippet":"max-snippet:-1","max-image-preview":"max-image-preview:large","max-video-preview":"max-video-preview:-1"},"canonical":"https:\/\/grenzinfo.eu\/emrm\/de\/sprechtage\/","og_locale":"de_DE","og_type":"article","og_title":"Sprechtage - Maastricht","og_description":"Grenzg\u00e4nger-Sprechtage Pers\u00f6nliche Beratung f\u00fcr Grenzg\u00e4nger aus Belgien, Deutschland und den Niederlanden Wir kl\u00e4ren Ihre Fragen zu Krankenversicherung und Rentenversicherung, Kindergeld und Elterngeld, Arbeitssuche und Arbeitsaufnahme, Steuerfragen und Umzug \u2013 in Zusammenarbeit mit Experten folgender Institutionen: Agentur f\u00fcr Arbeit Aachen-D\u00fcren (D) Arbeitsamt der Deutschsprachigen Gemeinschaft (B) BDZ \u2013 Bureau voor Duitse Zaken der Sociale Verzekeringsbank (NL)CKK [&hellip;]","og_url":"https:\/\/grenzinfo.eu\/emrm\/de\/sprechtage\/","og_site_name":"Maastricht","article_modified_time":"2022-06-10T12:13:27+00:00","twitter_card":"summary_large_image","twitter_misc":{"Gesch\u00e4tzte Lesezeit":"3\u00a0Minuten"},"schema":{"@context":"https:\/\/schema.org","@graph":[{"@type":"WebPage","@id":"https:\/\/grenzinfo.eu\/emrm\/de\/sprechtage\/","url":"https:\/\/grenzinfo.eu\/emrm\/de\/sprechtage\/","name":"Sprechtage - Maastricht","isPartOf":{"@id":"https:\/\/grenzinfo.eu\/emrm\/#website"},"datePublished":"2018-11-18T12:22:40+00:00","dateModified":"2022-06-10T12:13:27+00:00","breadcrumb":{"@id":"https:\/\/grenzinfo.eu\/emrm\/de\/sprechtage\/#breadcrumb"},"inLanguage":"de","potentialAction":[{"@type":"ReadAction","target":["https:\/\/grenzinfo.eu\/emrm\/de\/sprechtage\/"]}]},{"@type":"BreadcrumbList","@id":"https:\/\/grenzinfo.eu\/emrm\/de\/sprechtage\/#breadcrumb","itemListElement":[{"@type":"ListItem","position":1,"name":"Home","item":"https:\/\/grenzinfo.eu\/emrm\/nl\/"},{"@type":"ListItem","position":2,"name":"Sprechtage"}]},{"@type":"WebSite","@id":"https:\/\/grenzinfo.eu\/emrm\/#website","url":"https:\/\/grenzinfo.eu\/emrm\/","name":"Maastricht","description":"Grenzinfopunkt Maastricht","potentialAction":[{"@type":"SearchAction","target":{"@type":"EntryPoint","urlTemplate":"https:\/\/grenzinfo.eu\/emrm\/?s={search_term_string}"},"query-input":{"@type":"PropertyValueSpecification","valueRequired":true,"valueName":"search_term_string"}}],"inLanguage":"de"}]}},"lang":"de","translations":{"de":4385,"nl":4395,"en":11160},"pll_sync_post":[],"_links":{"self":[{"href":"https:\/\/grenzinfo.eu\/emrm\/wp-json\/wp\/v2\/pages\/4385","targetHints":{"allow":["GET"]}}],"collection":[{"href":"https:\/\/grenzinfo.eu\/emrm\/wp-json\/wp\/v2\/pages"}],"about":[{"href":"https:\/\/grenzinfo.eu\/emrm\/wp-json\/wp\/v2\/types\/page"}],"author":[{"embeddable":true,"href":"https:\/\/grenzinfo.eu\/emrm\/wp-json\/wp\/v2\/users\/1"}],"replies":[{"embeddable":true,"href":"https:\/\/grenzinfo.eu\/emrm\/wp-json\/wp\/v2\/comments?post=4385"}],"version-history":[{"count":0,"href":"https:\/\/grenzinfo.eu\/emrm\/wp-json\/wp\/v2\/pages\/4385\/revisions"}],"wp:attachment":[{"href":"https:\/\/grenzinfo.eu\/emrm\/wp-json\/wp\/v2\/media?parent=4385"}],"curies":[{"name":"wp","href":"https:\/\/api.w.org\/{rel}","templated":true}]}}