{"version":"1.0","provider_name":"Rhein-Waal","provider_url":"https:\/\/grenzinfo.eu\/erw","title":"Hand in Hand Europa leben - Rhein-Waal","type":"rich","width":600,"height":338,"html":"<blockquote class=\"wp-embedded-content\" data-secret=\"b1AsCAoX1U\"><a href=\"https:\/\/grenzinfo.eu\/erw\/nl\/hand-in-hand-europa-leben\/\">Hand in Hand Europa leben<\/a><\/blockquote><iframe sandbox=\"allow-scripts\" security=\"restricted\" src=\"https:\/\/grenzinfo.eu\/erw\/nl\/hand-in-hand-europa-leben\/embed\/#?secret=b1AsCAoX1U\" width=\"600\" height=\"338\" title=\"&#8222;Hand in Hand Europa leben&#8220; &#8211; Rhein-Waal\" data-secret=\"b1AsCAoX1U\" frameborder=\"0\" marginwidth=\"0\" marginheight=\"0\" scrolling=\"no\" class=\"wp-embedded-content\"><\/iframe><script type=\"text\/javascript\">\n\/* <![CDATA[ *\/\n\/*! This file is auto-generated *\/\n!function(d,l){\"use strict\";l.querySelector&&d.addEventListener&&\"undefined\"!=typeof URL&&(d.wp=d.wp||{},d.wp.receiveEmbedMessage||(d.wp.receiveEmbedMessage=function(e){var t=e.data;if((t||t.secret||t.message||t.value)&&!\/[^a-zA-Z0-9]\/.test(t.secret)){for(var s,r,n,a=l.querySelectorAll('iframe[data-secret=\"'+t.secret+'\"]'),o=l.querySelectorAll('blockquote[data-secret=\"'+t.secret+'\"]'),c=new RegExp(\"^https?:$\",\"i\"),i=0;i<o.length;i++)o[i].style.display=\"none\";for(i=0;i<a.length;i++)s=a[i],e.source===s.contentWindow&&(s.removeAttribute(\"style\"),\"height\"===t.message?(1e3<(r=parseInt(t.value,10))?r=1e3:~~r<200&&(r=200),s.height=r):\"link\"===t.message&&(r=new URL(s.getAttribute(\"src\")),n=new URL(t.value),c.test(n.protocol))&&n.host===r.host&&l.activeElement===s&&(d.top.location.href=t.value))}},d.addEventListener(\"message\",d.wp.receiveEmbedMessage,!1),l.addEventListener(\"DOMContentLoaded\",function(){for(var e,t,s=l.querySelectorAll(\"iframe.wp-embedded-content\"),r=0;r<s.length;r++)(t=(e=s[r]).getAttribute(\"data-secret\"))||(t=Math.random().toString(36).substring(2,12),e.src+=\"#?secret=\"+t,e.setAttribute(\"data-secret\",t)),e.contentWindow.postMessage({message:\"ready\",secret:t},\"*\")},!1)))}(window,document);\n\/\/# sourceURL=https:\/\/grenzinfo.eu\/erw\/wp-includes\/js\/wp-embed.min.js\n\/* ]]> *\/\n<\/script>\n","thumbnail_url":"https:\/\/grenzinfo.eu\/erw\/wp-content\/uploads\/sites\/7\/2018\/04\/derks_eures2018-7202.jpg","thumbnail_width":1500,"thumbnail_height":764,"description":"Die Bundesagentur f\u00fcr Arbeit verl\u00e4ngert die grenz\u00fcberschreitende Zusammenarbeit der Arbeitsverwaltungen Belgiens, der Niederlande und Deutschlands und weiterer Institutionen, die die grenz\u00fcberschreitende Mobilit\u00e4t und den grenz\u00fcberschreitenden Arbeitsmarkt f\u00f6rdern. Wohnen in Belgien, Arbeiten in Deutschland, Studieren in den Niederlanden \u2013 die Grenzen spielen \u2013 fast \u2013 keine Rolle mehr. Die Euregios Maas-Rhein, Rhein-Maas-Nord, Rhein-Waal und Gronau arbeiten [&hellip;]"}

Die Bundesagentur für Arbeit verlängert die grenzüberschreitende Zusammenarbeit der Arbeitsverwaltungen Belgiens, der Niederlande und Deutschlands und weiterer Institutionen, die die grenzüberschreitende Mobilität und den grenzüberschreitenden Arbeitsmarkt fördern. Wohnen in Belgien, Arbeiten in Deutschland, Studieren in den Niederlanden – die Grenzen spielen – fast – keine Rolle mehr. Die Euregios Maas-Rhein, Rhein-Maas-Nord, Rhein-Waal und Gronau arbeiten [&hellip;]
