{"version":"1.0","provider_name":"Rhein-Waal","provider_url":"https:\/\/grenzinfo.eu\/erw","title":"Mindestl\u00f6hne in der Pflege steigen - Rhein-Waal","type":"rich","width":600,"height":338,"html":"<blockquote class=\"wp-embedded-content\" data-secret=\"3klJYzcLlJ\"><a href=\"https:\/\/grenzinfo.eu\/erw\/nl\/mindestloehne-in-der-pflege-steigen\/\">Mindestl\u00f6hne in der Pflege steigen<\/a><\/blockquote><iframe sandbox=\"allow-scripts\" security=\"restricted\" src=\"https:\/\/grenzinfo.eu\/erw\/nl\/mindestloehne-in-der-pflege-steigen\/embed\/#?secret=3klJYzcLlJ\" width=\"600\" height=\"338\" title=\"&#8222;Mindestl\u00f6hne in der Pflege steigen&#8220; &#8211; Rhein-Waal\" data-secret=\"3klJYzcLlJ\" frameborder=\"0\" marginwidth=\"0\" marginheight=\"0\" scrolling=\"no\" class=\"wp-embedded-content\"><\/iframe><script type=\"text\/javascript\">\n\/* <![CDATA[ *\/\n\/*! This file is auto-generated *\/\n!function(d,l){\"use strict\";l.querySelector&&d.addEventListener&&\"undefined\"!=typeof URL&&(d.wp=d.wp||{},d.wp.receiveEmbedMessage||(d.wp.receiveEmbedMessage=function(e){var t=e.data;if((t||t.secret||t.message||t.value)&&!\/[^a-zA-Z0-9]\/.test(t.secret)){for(var s,r,n,a=l.querySelectorAll('iframe[data-secret=\"'+t.secret+'\"]'),o=l.querySelectorAll('blockquote[data-secret=\"'+t.secret+'\"]'),c=new RegExp(\"^https?:$\",\"i\"),i=0;i<o.length;i++)o[i].style.display=\"none\";for(i=0;i<a.length;i++)s=a[i],e.source===s.contentWindow&&(s.removeAttribute(\"style\"),\"height\"===t.message?(1e3<(r=parseInt(t.value,10))?r=1e3:~~r<200&&(r=200),s.height=r):\"link\"===t.message&&(r=new URL(s.getAttribute(\"src\")),n=new URL(t.value),c.test(n.protocol))&&n.host===r.host&&l.activeElement===s&&(d.top.location.href=t.value))}},d.addEventListener(\"message\",d.wp.receiveEmbedMessage,!1),l.addEventListener(\"DOMContentLoaded\",function(){for(var e,t,s=l.querySelectorAll(\"iframe.wp-embedded-content\"),r=0;r<s.length;r++)(t=(e=s[r]).getAttribute(\"data-secret\"))||(t=Math.random().toString(36).substring(2,12),e.src+=\"#?secret=\"+t,e.setAttribute(\"data-secret\",t)),e.contentWindow.postMessage({message:\"ready\",secret:t},\"*\")},!1)))}(window,document);\n\/\/# sourceURL=https:\/\/grenzinfo.eu\/erw\/wp-includes\/js\/wp-embed.min.js\n\/* ]]> *\/\n<\/script>\n","description":"Der Pflegemindestlohn steigt ab Januar 2018 auf 10,55 Euro im Westen und 10,05 Euro im Osten. Anfang 2019 und 2020 wird er nochmals erh\u00f6ht. Von diesem Mindestlohn, der \u00fcber dem gesetzlichen Mindestlohn liegt, profitieren vor allem Pflegehilfskr\u00e4fte. Mindestl\u00f6hne sind nur eine Grenze nach unten. Wer gut ausgebildete Fachkr\u00e4fte sucht, muss mehr bieten als den Mindestlohn. [&hellip;]","thumbnail_url":"https:\/\/grenzinfo.eu\/erw\/wp-content\/uploads\/sites\/13\/medical-563427_1920-360x240.jpg"}

Mindestlöhne in der Pflege steigen - Rhein-Waal

<blockquote class="wp-embedded-content" data-secret="3klJYzcLlJ"><a href="https://grenzinfo.eu/erw/nl/mindestloehne-in-der-pflege-steigen/">Mindestlöhne in der Pflege steigen</a></blockquote><iframe sandbox="allow-scripts" security="restricted" src="https://grenzinfo.eu/erw/nl/mindestloehne-in-der-pflege-steigen/embed/#?secret=3klJYzcLlJ" width="600" height="338" title="&#8222;Mindestlöhne in der Pflege steigen&#8220; &#8211; Rhein-Waal" data-secret="3klJYzcLlJ" frameborder="0" marginwidth="0" marginheight="0" scrolling="no" class="wp-embedded-content"></iframe><script type="text/javascript">
/* <![CDATA[ */
/*! This file is auto-generated */
!function(d,l){"use strict";l.querySelector&&d.addEventListener&&"undefined"!=typeof URL&&(d.wp=d.wp||{},d.wp.receiveEmbedMessage||(d.wp.receiveEmbedMessage=function(e){var t=e.data;if((t||t.secret||t.message||t.value)&&!/[^a-zA-Z0-9]/.test(t.secret)){for(var s,r,n,a=l.querySelectorAll('iframe[data-secret="'+t.secret+'"]'),o=l.querySelectorAll('blockquote[data-secret="'+t.secret+'"]'),c=new RegExp("^https?:$","i"),i=0;i<o.length;i++)o[i].style.display="none";for(i=0;i<a.length;i++)s=a[i],e.source===s.contentWindow&&(s.removeAttribute("style"),"height"===t.message?(1e3<(r=parseInt(t.value,10))?r=1e3:~~r<200&&(r=200),s.height=r):"link"===t.message&&(r=new URL(s.getAttribute("src")),n=new URL(t.value),c.test(n.protocol))&&n.host===r.host&&l.activeElement===s&&(d.top.location.href=t.value))}},d.addEventListener("message",d.wp.receiveEmbedMessage,!1),l.addEventListener("DOMContentLoaded",function(){for(var e,t,s=l.querySelectorAll("iframe.wp-embedded-content"),r=0;r<s.length;r++)(t=(e=s[r]).getAttribute("data-secret"))||(t=Math.random().toString(36).substring(2,12),e.src+="#?secret="+t,e.setAttribute("data-secret",t)),e.contentWindow.postMessage({message:"ready",secret:t},"*")},!1)))}(window,document);
//# sourceURL=https://grenzinfo.eu/erw/wp-includes/js/wp-embed.min.js
/* ]]> */
</script>

Der Pflegemindestlohn steigt ab Januar 2018 auf 10,55 Euro im Westen und 10,05 Euro im Osten. Anfang 2019 und 2020 wird er nochmals erhöht. Von diesem Mindestlohn, der über dem gesetzlichen Mindestlohn liegt, profitieren vor allem Pflegehilfskräfte. Mindestlöhne sind nur eine Grenze nach unten. Wer gut ausgebildete Fachkräfte sucht, muss mehr bieten als den Mindestlohn. [&hellip;]
