{"version":"1.0","provider_name":"EUREGIO","provider_url":"https:\/\/grenzinfo.eu\/eur","title":"Staatssekret\u00e4r Knops besucht die Sprechstunde des Grenzinfopunktes - EUREGIO","type":"rich","width":600,"height":338,"html":"<blockquote class=\"wp-embedded-content\" data-secret=\"iqMbKz4Tpy\"><a href=\"https:\/\/grenzinfo.eu\/eur\/staatssekretaer-knops-besucht-sprechstunde-des-grenzinfopunktes\/\">Staatssekret\u00e4r Knops besucht die Sprechstunde des Grenzinfopunktes<\/a><\/blockquote><iframe sandbox=\"allow-scripts\" security=\"restricted\" src=\"https:\/\/grenzinfo.eu\/eur\/staatssekretaer-knops-besucht-sprechstunde-des-grenzinfopunktes\/embed\/#?secret=iqMbKz4Tpy\" width=\"600\" height=\"338\" title=\"&#8222;Staatssekret\u00e4r Knops besucht die Sprechstunde des Grenzinfopunktes&#8220; &#8211; EUREGIO\" data-secret=\"iqMbKz4Tpy\" frameborder=\"0\" marginwidth=\"0\" marginheight=\"0\" scrolling=\"no\" class=\"wp-embedded-content\"><\/iframe><script type=\"text\/javascript\">\n\/* <![CDATA[ *\/\n\/*! This file is auto-generated *\/\n!function(d,l){\"use strict\";l.querySelector&&d.addEventListener&&\"undefined\"!=typeof URL&&(d.wp=d.wp||{},d.wp.receiveEmbedMessage||(d.wp.receiveEmbedMessage=function(e){var t=e.data;if((t||t.secret||t.message||t.value)&&!\/[^a-zA-Z0-9]\/.test(t.secret)){for(var s,r,n,a=l.querySelectorAll('iframe[data-secret=\"'+t.secret+'\"]'),o=l.querySelectorAll('blockquote[data-secret=\"'+t.secret+'\"]'),c=new RegExp(\"^https?:$\",\"i\"),i=0;i<o.length;i++)o[i].style.display=\"none\";for(i=0;i<a.length;i++)s=a[i],e.source===s.contentWindow&&(s.removeAttribute(\"style\"),\"height\"===t.message?(1e3<(r=parseInt(t.value,10))?r=1e3:~~r<200&&(r=200),s.height=r):\"link\"===t.message&&(r=new URL(s.getAttribute(\"src\")),n=new URL(t.value),c.test(n.protocol))&&n.host===r.host&&l.activeElement===s&&(d.top.location.href=t.value))}},d.addEventListener(\"message\",d.wp.receiveEmbedMessage,!1),l.addEventListener(\"DOMContentLoaded\",function(){for(var e,t,s=l.querySelectorAll(\"iframe.wp-embedded-content\"),r=0;r<s.length;r++)(t=(e=s[r]).getAttribute(\"data-secret\"))||(t=Math.random().toString(36).substring(2,12),e.src+=\"#?secret=\"+t,e.setAttribute(\"data-secret\",t)),e.contentWindow.postMessage({message:\"ready\",secret:t},\"*\")},!1)))}(window,document);\n\/\/# sourceURL=https:\/\/grenzinfo.eu\/eur\/wp-includes\/js\/wp-embed.min.js\n\/* ]]> *\/\n<\/script>\n","thumbnail_url":"https:\/\/grenzinfo.eu\/eur\/wp-content\/uploads\/sites\/5\/2018\/01\/Knops.jpg","thumbnail_width":2048,"thumbnail_height":1152,"description":"W\u00e4hrend der Sprechstunde vom Grenzinfopunkt EUREGIO in Glanerbrug am 24. Januar, wurde der Staatssekret\u00e4r Knops f\u00fcr Innenpolitik begr\u00fc\u00dft.\u00a0Bei diesem Besuch, m\u00f6chte er sich \u00fcber die Arbeitsweisen des Grenzinfopunktes informieren.\u00a0W\u00e4hrend der Sprechstunde, suchte er das Gespr\u00e4ch mit verschiedenen Besuchern der Sprechstunde. Die lokale Fernsehsender TV Enschede hatte ein Interview mit der Staatssekret\u00e4r:"}

Staatssekretär Knops besucht die Sprechstunde des Grenzinfopunktes - EUREGIO

<blockquote class="wp-embedded-content" data-secret="iqMbKz4Tpy"><a href="https://grenzinfo.eu/eur/staatssekretaer-knops-besucht-sprechstunde-des-grenzinfopunktes/">Staatssekretär Knops besucht die Sprechstunde des Grenzinfopunktes</a></blockquote><iframe sandbox="allow-scripts" security="restricted" src="https://grenzinfo.eu/eur/staatssekretaer-knops-besucht-sprechstunde-des-grenzinfopunktes/embed/#?secret=iqMbKz4Tpy" width="600" height="338" title="&#8222;Staatssekretär Knops besucht die Sprechstunde des Grenzinfopunktes&#8220; &#8211; EUREGIO" data-secret="iqMbKz4Tpy" frameborder="0" marginwidth="0" marginheight="0" scrolling="no" class="wp-embedded-content"></iframe><script type="text/javascript">
/* <![CDATA[ */
/*! This file is auto-generated */
!function(d,l){"use strict";l.querySelector&&d.addEventListener&&"undefined"!=typeof URL&&(d.wp=d.wp||{},d.wp.receiveEmbedMessage||(d.wp.receiveEmbedMessage=function(e){var t=e.data;if((t||t.secret||t.message||t.value)&&!/[^a-zA-Z0-9]/.test(t.secret)){for(var s,r,n,a=l.querySelectorAll('iframe[data-secret="'+t.secret+'"]'),o=l.querySelectorAll('blockquote[data-secret="'+t.secret+'"]'),c=new RegExp("^https?:$","i"),i=0;i<o.length;i++)o[i].style.display="none";for(i=0;i<a.length;i++)s=a[i],e.source===s.contentWindow&&(s.removeAttribute("style"),"height"===t.message?(1e3<(r=parseInt(t.value,10))?r=1e3:~~r<200&&(r=200),s.height=r):"link"===t.message&&(r=new URL(s.getAttribute("src")),n=new URL(t.value),c.test(n.protocol))&&n.host===r.host&&l.activeElement===s&&(d.top.location.href=t.value))}},d.addEventListener("message",d.wp.receiveEmbedMessage,!1),l.addEventListener("DOMContentLoaded",function(){for(var e,t,s=l.querySelectorAll("iframe.wp-embedded-content"),r=0;r<s.length;r++)(t=(e=s[r]).getAttribute("data-secret"))||(t=Math.random().toString(36).substring(2,12),e.src+="#?secret="+t,e.setAttribute("data-secret",t)),e.contentWindow.postMessage({message:"ready",secret:t},"*")},!1)))}(window,document);
//# sourceURL=https://grenzinfo.eu/eur/wp-includes/js/wp-embed.min.js
/* ]]> */
</script>

Während der Sprechstunde vom Grenzinfopunkt EUREGIO in Glanerbrug am 24. Januar, wurde der Staatssekretär Knops für Innenpolitik begrüßt. Bei diesem Besuch, möchte er sich über die Arbeitsweisen des Grenzinfopunktes informieren. Während der Sprechstunde, suchte er das Gespräch mit verschiedenen Besuchern der Sprechstunde. Die lokale Fernsehsender TV Enschede hatte ein Interview mit der Staatssekretär:
