{"id":20265,"date":"2026-02-02T14:00:00","date_gmt":"2026-02-02T13:00:00","guid":{"rendered":"https:\/\/grenzinfo.eu\/eur\/cross_event\/euregio-beratungstag-winterswijk-2026-02-02-1400\/"},"modified":"2025-12-10T10:17:54","modified_gmt":"2025-12-10T09:17:54","slug":"euregio-beratungstag-winterswijk-2026-02-02-1400","status":"publish","type":"cross_event","link":"https:\/\/grenzinfo.eu\/eur\/events\/euregio-beratungstag-winterswijk-2026-02-02-1400\/","title":{"rendered":"EUREGIO Beratungstag Winterswijk"},"content":{"rendered":"<p><img decoding=\"async\" class=\"wp-image-10611 alignleft\" src=\"https:\/\/grenzinfo.eu\/eur\/wp-content\/uploads\/sites\/5\/2019\/03\/Winterswijk-300x187.jpg\" alt=\"\" width=\"241\" height=\"150\" srcset=\"https:\/\/grenzinfo.eu\/eur\/wp-content\/uploads\/sites\/5\/2019\/03\/Winterswijk-300x187.jpg 300w, https:\/\/grenzinfo.eu\/eur\/wp-content\/uploads\/sites\/5\/2019\/03\/Winterswijk.jpg 594w\" sizes=\"(max-width: 241px) 100vw, 241px\" \/><\/p>\n<p>W\u00e4hrend der EUREGIO-Beratungstage in Winterswijk stehen mehrere Instanzen bereit, um Fragen von (ehemaligen) Grenzg\u00e4ngern zu beantworten: Mitarbeiter des deutschen Finanzamtes, des niederl\u00e4ndischen Finanzamtes, des UWV, des GrensWerks (Kooperation zwischen der Agentur f\u00fcr Arbeit, dem UWV, der Gemeinde Enschede und der EUREGIO), der Deutschen Rentenversicherung, der Sociale Verzekeringsbank (B\u00fcro f\u00fcr deutsche Angelegenheiten) und ein Mitarbeiter des GrenzInfoPunkes werden vor Ort sein und Ihre Fragen beantworten.<\/p>\n<p>F\u00fcr diesen Beratungstag brauchen Sie <strong>keinen<\/strong> Termin zu vereinbaren.<\/p>\n<p>In 2026: 2. Februar<\/p>\n<p><strong>Zeit: von 14.00 bis 18.00 Uhr<\/strong><\/p>\n<p><strong>Ort:\u00a0Rathaus Winterswijk, Stationsstraat 25 in Winterswijk<\/strong><\/p>\n","protected":false},"featured_media":0,"template":"","meta":{"_acf_changed":false},"categories":[],"event-category":[1140,1147],"class_list":["post-20265","cross_event","type-cross_event","status-publish","hentry","event-category-euregio","event-category-grenzinfopunkt"],"acf":{"cross_event_location":"Rathaus Winterswijk","cross_event_address":"Gemeente Winterswijk, Stationsstraat 25, Winterswijk, Nederland","cross_event_group_preselect":"","cross_event_start":"2026-02-02 14:00:00","cross_event_end":"2026-02-02 18:00:00","cross_event_dates":null,"cross_event_group_id":"cross_event_6938124f5832c","cross_event_url":"https:\/\/grenzinfo.eu\/eur\/cross_event\/euregio-beratungstag-winterswijk-2026-02-02-1400\/","cross_event_external":false,"is_new_post_flag":false,"is_translate_post_flag":false},"yoast_head":"<!-- This site is optimized with the Yoast SEO plugin v27.5 - https:\/\/yoast.com\/product\/yoast-seo-wordpress\/ -->\n<title>EUREGIO Beratungstag Winterswijk - EUREGIO<\/title>\n<meta name=\"robots\" content=\"index, follow, max-snippet:-1, max-image-preview:large, max-video-preview:-1\" \/>\n<link rel=\"canonical\" href=\"https:\/\/grenzinfo.eu\/eur\/events\/euregio-beratungstag-winterswijk-2026-02-02-1400\/\" \/>\n<meta property=\"og:locale\" content=\"de_DE\" \/>\n<meta property=\"og:type\" content=\"article\" \/>\n<meta property=\"og:title\" content=\"EUREGIO Beratungstag Winterswijk - EUREGIO\" \/>\n<meta property=\"og:description\" content=\"W\u00e4hrend der EUREGIO-Beratungstage in Winterswijk stehen mehrere Instanzen bereit, um Fragen von (ehemaligen) Grenzg\u00e4ngern zu beantworten: Mitarbeiter des deutschen Finanzamtes, des niederl\u00e4ndischen Finanzamtes, des UWV, des GrensWerks (Kooperation zwischen der Agentur f\u00fcr Arbeit, dem UWV, der Gemeinde Enschede und der EUREGIO), der Deutschen Rentenversicherung, der Sociale Verzekeringsbank (B\u00fcro f\u00fcr deutsche Angelegenheiten) und ein Mitarbeiter des [&hellip;]\" \/>\n<meta property=\"og:url\" content=\"https:\/\/grenzinfo.eu\/eur\/events\/euregio-beratungstag-winterswijk-2026-02-02-1400\/\" \/>\n<meta property=\"og:site_name\" content=\"EUREGIO\" \/>\n<meta property=\"og:image\" content=\"https:\/\/grenzinfo.eu\/eur\/wp-content\/uploads\/sites\/5\/2019\/03\/Winterswijk.jpg\" \/>\n\t<meta property=\"og:image:width\" content=\"594\" \/>\n\t<meta property=\"og:image:height\" content=\"370\" \/>\n\t<meta property=\"og:image:type\" content=\"image\/jpeg\" \/>\n<meta name=\"twitter:card\" content=\"summary_large_image\" \/>\n<meta name=\"twitter:label1\" content=\"Gesch\u00e4tzte Lesezeit\" \/>\n\t<meta name=\"twitter:data1\" content=\"1\u00a0Minute\" \/>\n<script type=\"application\/ld+json\" class=\"yoast-schema-graph\">{\"@context\":\"https:\\\/\\\/schema.org\",\"@graph\":[{\"@type\":\"WebPage\",\"@id\":\"https:\\\/\\\/grenzinfo.eu\\\/eur\\\/events\\\/euregio-beratungstag-winterswijk-2026-02-02-1400\\\/\",\"url\":\"https:\\\/\\\/grenzinfo.eu\\\/eur\\\/events\\\/euregio-beratungstag-winterswijk-2026-02-02-1400\\\/\",\"name\":\"EUREGIO Beratungstag Winterswijk - EUREGIO\",\"isPartOf\":{\"@id\":\"https:\\\/\\\/grenzinfo.eu\\\/eur\\\/#website\"},\"primaryImageOfPage\":{\"@id\":\"https:\\\/\\\/grenzinfo.eu\\\/eur\\\/events\\\/euregio-beratungstag-winterswijk-2026-02-02-1400\\\/#primaryimage\"},\"image\":{\"@id\":\"https:\\\/\\\/grenzinfo.eu\\\/eur\\\/events\\\/euregio-beratungstag-winterswijk-2026-02-02-1400\\\/#primaryimage\"},\"thumbnailUrl\":\"https:\\\/\\\/grenzinfo.eu\\\/eur\\\/wp-content\\\/uploads\\\/sites\\\/5\\\/2019\\\/03\\\/Winterswijk-300x187.jpg\",\"datePublished\":\"2026-02-02T13:00:00+00:00\",\"breadcrumb\":{\"@id\":\"https:\\\/\\\/grenzinfo.eu\\\/eur\\\/events\\\/euregio-beratungstag-winterswijk-2026-02-02-1400\\\/#breadcrumb\"},\"inLanguage\":\"de\",\"potentialAction\":[{\"@type\":\"ReadAction\",\"target\":[\"https:\\\/\\\/grenzinfo.eu\\\/eur\\\/events\\\/euregio-beratungstag-winterswijk-2026-02-02-1400\\\/\"]}]},{\"@type\":\"ImageObject\",\"inLanguage\":\"de\",\"@id\":\"https:\\\/\\\/grenzinfo.eu\\\/eur\\\/events\\\/euregio-beratungstag-winterswijk-2026-02-02-1400\\\/#primaryimage\",\"url\":\"https:\\\/\\\/grenzinfo.eu\\\/eur\\\/wp-content\\\/uploads\\\/sites\\\/5\\\/2019\\\/03\\\/Winterswijk.jpg\",\"contentUrl\":\"https:\\\/\\\/grenzinfo.eu\\\/eur\\\/wp-content\\\/uploads\\\/sites\\\/5\\\/2019\\\/03\\\/Winterswijk.jpg\",\"width\":594,\"height\":370},{\"@type\":\"BreadcrumbList\",\"@id\":\"https:\\\/\\\/grenzinfo.eu\\\/eur\\\/events\\\/euregio-beratungstag-winterswijk-2026-02-02-1400\\\/#breadcrumb\",\"itemListElement\":[{\"@type\":\"ListItem\",\"position\":1,\"name\":\"Home\",\"item\":\"https:\\\/\\\/grenzinfo.eu\\\/eur\\\/\"},{\"@type\":\"ListItem\",\"position\":2,\"name\":\"Events\",\"item\":\"https:\\\/\\\/grenzinfo.eu\\\/eur\\\/nl\\\/events\\\/\"},{\"@type\":\"ListItem\",\"position\":3,\"name\":\"EUREGIO Beratungstag Winterswijk\"}]},{\"@type\":\"WebSite\",\"@id\":\"https:\\\/\\\/grenzinfo.eu\\\/eur\\\/#website\",\"url\":\"https:\\\/\\\/grenzinfo.eu\\\/eur\\\/\",\"name\":\"EUREGIO\",\"description\":\"Grenzinfopunkt EUREGIO\",\"potentialAction\":[{\"@type\":\"SearchAction\",\"target\":{\"@type\":\"EntryPoint\",\"urlTemplate\":\"https:\\\/\\\/grenzinfo.eu\\\/eur\\\/?s={search_term_string}\"},\"query-input\":{\"@type\":\"PropertyValueSpecification\",\"valueRequired\":true,\"valueName\":\"search_term_string\"}}],\"inLanguage\":\"de\"}]}<\/script>\n<!-- \/ Yoast SEO plugin. -->","yoast_head_json":{"title":"EUREGIO Beratungstag Winterswijk - EUREGIO","robots":{"index":"index","follow":"follow","max-snippet":"max-snippet:-1","max-image-preview":"max-image-preview:large","max-video-preview":"max-video-preview:-1"},"canonical":"https:\/\/grenzinfo.eu\/eur\/events\/euregio-beratungstag-winterswijk-2026-02-02-1400\/","og_locale":"de_DE","og_type":"article","og_title":"EUREGIO Beratungstag Winterswijk - EUREGIO","og_description":"W\u00e4hrend der EUREGIO-Beratungstage in Winterswijk stehen mehrere Instanzen bereit, um Fragen von (ehemaligen) Grenzg\u00e4ngern zu beantworten: Mitarbeiter des deutschen Finanzamtes, des niederl\u00e4ndischen Finanzamtes, des UWV, des GrensWerks (Kooperation zwischen der Agentur f\u00fcr Arbeit, dem UWV, der Gemeinde Enschede und der EUREGIO), der Deutschen Rentenversicherung, der Sociale Verzekeringsbank (B\u00fcro f\u00fcr deutsche Angelegenheiten) und ein Mitarbeiter des [&hellip;]","og_url":"https:\/\/grenzinfo.eu\/eur\/events\/euregio-beratungstag-winterswijk-2026-02-02-1400\/","og_site_name":"EUREGIO","og_image":[{"width":594,"height":370,"url":"https:\/\/grenzinfo.eu\/eur\/wp-content\/uploads\/sites\/5\/2019\/03\/Winterswijk.jpg","type":"image\/jpeg"}],"twitter_card":"summary_large_image","twitter_misc":{"Gesch\u00e4tzte Lesezeit":"1\u00a0Minute"},"schema":{"@context":"https:\/\/schema.org","@graph":[{"@type":"WebPage","@id":"https:\/\/grenzinfo.eu\/eur\/events\/euregio-beratungstag-winterswijk-2026-02-02-1400\/","url":"https:\/\/grenzinfo.eu\/eur\/events\/euregio-beratungstag-winterswijk-2026-02-02-1400\/","name":"EUREGIO Beratungstag Winterswijk - EUREGIO","isPartOf":{"@id":"https:\/\/grenzinfo.eu\/eur\/#website"},"primaryImageOfPage":{"@id":"https:\/\/grenzinfo.eu\/eur\/events\/euregio-beratungstag-winterswijk-2026-02-02-1400\/#primaryimage"},"image":{"@id":"https:\/\/grenzinfo.eu\/eur\/events\/euregio-beratungstag-winterswijk-2026-02-02-1400\/#primaryimage"},"thumbnailUrl":"https:\/\/grenzinfo.eu\/eur\/wp-content\/uploads\/sites\/5\/2019\/03\/Winterswijk-300x187.jpg","datePublished":"2026-02-02T13:00:00+00:00","breadcrumb":{"@id":"https:\/\/grenzinfo.eu\/eur\/events\/euregio-beratungstag-winterswijk-2026-02-02-1400\/#breadcrumb"},"inLanguage":"de","potentialAction":[{"@type":"ReadAction","target":["https:\/\/grenzinfo.eu\/eur\/events\/euregio-beratungstag-winterswijk-2026-02-02-1400\/"]}]},{"@type":"ImageObject","inLanguage":"de","@id":"https:\/\/grenzinfo.eu\/eur\/events\/euregio-beratungstag-winterswijk-2026-02-02-1400\/#primaryimage","url":"https:\/\/grenzinfo.eu\/eur\/wp-content\/uploads\/sites\/5\/2019\/03\/Winterswijk.jpg","contentUrl":"https:\/\/grenzinfo.eu\/eur\/wp-content\/uploads\/sites\/5\/2019\/03\/Winterswijk.jpg","width":594,"height":370},{"@type":"BreadcrumbList","@id":"https:\/\/grenzinfo.eu\/eur\/events\/euregio-beratungstag-winterswijk-2026-02-02-1400\/#breadcrumb","itemListElement":[{"@type":"ListItem","position":1,"name":"Home","item":"https:\/\/grenzinfo.eu\/eur\/"},{"@type":"ListItem","position":2,"name":"Events","item":"https:\/\/grenzinfo.eu\/eur\/nl\/events\/"},{"@type":"ListItem","position":3,"name":"EUREGIO Beratungstag Winterswijk"}]},{"@type":"WebSite","@id":"https:\/\/grenzinfo.eu\/eur\/#website","url":"https:\/\/grenzinfo.eu\/eur\/","name":"EUREGIO","description":"Grenzinfopunkt EUREGIO","potentialAction":[{"@type":"SearchAction","target":{"@type":"EntryPoint","urlTemplate":"https:\/\/grenzinfo.eu\/eur\/?s={search_term_string}"},"query-input":{"@type":"PropertyValueSpecification","valueRequired":true,"valueName":"search_term_string"}}],"inLanguage":"de"}]}},"lang":"de","translations":{"de":20265,"nl":23319},"pll_sync_post":[],"_links":{"self":[{"href":"https:\/\/grenzinfo.eu\/eur\/wp-json\/wp\/v2\/event\/20265","targetHints":{"allow":["GET"]}}],"collection":[{"href":"https:\/\/grenzinfo.eu\/eur\/wp-json\/wp\/v2\/event"}],"about":[{"href":"https:\/\/grenzinfo.eu\/eur\/wp-json\/wp\/v2\/types\/cross_event"}],"wp:attachment":[{"href":"https:\/\/grenzinfo.eu\/eur\/wp-json\/wp\/v2\/media?parent=20265"}],"wp:term":[{"taxonomy":"category","embeddable":true,"href":"https:\/\/grenzinfo.eu\/eur\/wp-json\/wp\/v2\/categories?post=20265"},{"taxonomy":"event-category","embeddable":true,"href":"https:\/\/grenzinfo.eu\/eur\/wp-json\/wp\/v2\/event-category?post=20265"}],"curies":[{"name":"wp","href":"https:\/\/api.w.org\/{rel}","templated":true}]}}

<p><img decoding="async" class="wp-image-10611 alignleft" src="https://grenzinfo.eu/eur/wp-content/uploads/sites/5/2019/03/Winterswijk-300x187.jpg" alt="" width="241" height="150" srcset="https://grenzinfo.eu/eur/wp-content/uploads/sites/5/2019/03/Winterswijk-300x187.jpg 300w, https://grenzinfo.eu/eur/wp-content/uploads/sites/5/2019/03/Winterswijk.jpg 594w" sizes="(max-width: 241px) 100vw, 241px" /></p>
<p>Während der EUREGIO-Beratungstage in Winterswijk stehen mehrere Instanzen bereit, um Fragen von (ehemaligen) Grenzgängern zu beantworten: Mitarbeiter des deutschen Finanzamtes, des niederländischen Finanzamtes, des UWV, des GrensWerks (Kooperation zwischen der Agentur für Arbeit, dem UWV, der Gemeinde Enschede und der EUREGIO), der Deutschen Rentenversicherung, der Sociale Verzekeringsbank (Büro für deutsche Angelegenheiten) und ein Mitarbeiter des GrenzInfoPunkes werden vor Ort sein und Ihre Fragen beantworten.</p>
<p>Für diesen Beratungstag brauchen Sie <strong>keinen</strong> Termin zu vereinbaren.</p>
<p>In 2026: 2. Februar</p>
<p><strong>Zeit: von 14.00 bis 18.00 Uhr</strong></p>
<p><strong>Ort: Rathaus Winterswijk, Stationsstraat 25 in Winterswijk</strong></p>

<!-- This site is optimized with the Yoast SEO plugin v27.5 - https://yoast.com/product/yoast-seo-wordpress/ -->
<title>EUREGIO Beratungstag Winterswijk - EUREGIO</title>
<meta name="robots" content="index, follow, max-snippet:-1, max-image-preview:large, max-video-preview:-1" />
<link rel="canonical" href="https://grenzinfo.eu/eur/events/euregio-beratungstag-winterswijk-2026-02-02-1400/" />
<meta property="og:locale" content="de_DE" />
<meta property="og:type" content="article" />
<meta property="og:title" content="EUREGIO Beratungstag Winterswijk - EUREGIO" />
<meta property="og:description" content="Während der EUREGIO-Beratungstage in Winterswijk stehen mehrere Instanzen bereit, um Fragen von (ehemaligen) Grenzgängern zu beantworten: Mitarbeiter des deutschen Finanzamtes, des niederländischen Finanzamtes, des UWV, des GrensWerks (Kooperation zwischen der Agentur für Arbeit, dem UWV, der Gemeinde Enschede und der EUREGIO), der Deutschen Rentenversicherung, der Sociale Verzekeringsbank (Büro für deutsche Angelegenheiten) und ein Mitarbeiter des [&hellip;]" />
<meta property="og:url" content="https://grenzinfo.eu/eur/events/euregio-beratungstag-winterswijk-2026-02-02-1400/" />
<meta property="og:site_name" content="EUREGIO" />
<meta property="og:image" content="https://grenzinfo.eu/eur/wp-content/uploads/sites/5/2019/03/Winterswijk.jpg" />
	<meta property="og:image:width" content="594" />
	<meta property="og:image:height" content="370" />
	<meta property="og:image:type" content="image/jpeg" />
<meta name="twitter:card" content="summary_large_image" />
<meta name="twitter:label1" content="Geschätzte Lesezeit" />
	<meta name="twitter:data1" content="1 Minute" />
<script type="application/ld+json" class="yoast-schema-graph">{"@context":"https:\/\/schema.org","@graph":[{"@type":"WebPage","@id":"https:\/\/grenzinfo.eu\/eur\/events\/euregio-beratungstag-winterswijk-2026-02-02-1400\/","url":"https:\/\/grenzinfo.eu\/eur\/events\/euregio-beratungstag-winterswijk-2026-02-02-1400\/","name":"EUREGIO Beratungstag Winterswijk - EUREGIO","isPartOf":{"@id":"https:\/\/grenzinfo.eu\/eur\/#website"},"primaryImageOfPage":{"@id":"https:\/\/grenzinfo.eu\/eur\/events\/euregio-beratungstag-winterswijk-2026-02-02-1400\/#primaryimage"},"image":{"@id":"https:\/\/grenzinfo.eu\/eur\/events\/euregio-beratungstag-winterswijk-2026-02-02-1400\/#primaryimage"},"thumbnailUrl":"https:\/\/grenzinfo.eu\/eur\/wp-content\/uploads\/sites\/5\/2019\/03\/Winterswijk-300x187.jpg","datePublished":"2026-02-02T13:00:00+00:00","breadcrumb":{"@id":"https:\/\/grenzinfo.eu\/eur\/events\/euregio-beratungstag-winterswijk-2026-02-02-1400\/#breadcrumb"},"inLanguage":"de","potentialAction":[{"@type":"ReadAction","target":["https:\/\/grenzinfo.eu\/eur\/events\/euregio-beratungstag-winterswijk-2026-02-02-1400\/"]}]},{"@type":"ImageObject","inLanguage":"de","@id":"https:\/\/grenzinfo.eu\/eur\/events\/euregio-beratungstag-winterswijk-2026-02-02-1400\/#primaryimage","url":"https:\/\/grenzinfo.eu\/eur\/wp-content\/uploads\/sites\/5\/2019\/03\/Winterswijk.jpg","contentUrl":"https:\/\/grenzinfo.eu\/eur\/wp-content\/uploads\/sites\/5\/2019\/03\/Winterswijk.jpg","width":594,"height":370},{"@type":"BreadcrumbList","@id":"https:\/\/grenzinfo.eu\/eur\/events\/euregio-beratungstag-winterswijk-2026-02-02-1400\/#breadcrumb","itemListElement":[{"@type":"ListItem","position":1,"name":"Home","item":"https:\/\/grenzinfo.eu\/eur\/"},{"@type":"ListItem","position":2,"name":"Events","item":"https:\/\/grenzinfo.eu\/eur\/nl\/events\/"},{"@type":"ListItem","position":3,"name":"EUREGIO Beratungstag Winterswijk"}]},{"@type":"WebSite","@id":"https:\/\/grenzinfo.eu\/eur\/#website","url":"https:\/\/grenzinfo.eu\/eur\/","name":"EUREGIO","description":"Grenzinfopunkt EUREGIO","potentialAction":[{"@type":"SearchAction","target":{"@type":"EntryPoint","urlTemplate":"https:\/\/grenzinfo.eu\/eur\/?s={search_term_string}"},"query-input":{"@type":"PropertyValueSpecification","valueRequired":true,"valueName":"search_term_string"}}],"inLanguage":"de"}]}</script>
<!-- / Yoast SEO plugin. -->

Während der EUREGIO-Beratungstage in Winterswijk stehen mehrere Instanzen bereit, um Fragen von (ehemaligen) Grenzgängern zu beantworten: Mitarbeiter des deutschen Finanzamtes, des niederländischen Finanzamtes, des UWV, des GrensWerks (Kooperation zwischen der Agentur für Arbeit, dem UWV, der Gemeinde Enschede und der EUREGIO), der Deutschen Rentenversicherung, der Sociale Verzekeringsbank (Büro für deutsche Angelegenheiten) und ein Mitarbeiter des [&hellip;]
