{"id":14229,"date":"2022-04-12T10:59:19","date_gmt":"2022-04-12T08:59:19","guid":{"rendered":"https:\/\/grenzinfo.eu\/eur\/?page_id=14229"},"modified":"2026-01-05T09:03:01","modified_gmt":"2026-01-05T08:03:01","slug":"euregio-spreekuren","status":"publish","type":"page","link":"https:\/\/grenzinfo.eu\/eur\/euregio-spreekuren\/","title":{"rendered":"EUREGIO-Sprechstunden"},"content":{"rendered":"\t\t<div data-elementor-type=\"wp-page\" data-elementor-id=\"14229\" class=\"elementor elementor-14229\" data-elementor-post-type=\"page\">\n\t\t\t\t\t\t<section class=\"elementor-section elementor-top-section elementor-element elementor-element-29bd793 elementor-section-boxed elementor-section-height-default elementor-section-height-default\" data-id=\"29bd793\" data-element_type=\"section\" data-e-type=\"section\">\n\t\t\t\t\t\t<div class=\"elementor-container elementor-column-gap-default\">\n\t\t\t\t\t<div class=\"elementor-column elementor-col-100 elementor-top-column elementor-element elementor-element-b9d35d1\" data-id=\"b9d35d1\" data-element_type=\"column\" data-e-type=\"column\">\n\t\t\t<div class=\"elementor-widget-wrap elementor-element-populated\">\n\t\t\t\t\t\t<div class=\"elementor-element elementor-element-9751134 elementor-widget elementor-widget-heading\" data-id=\"9751134\" data-element_type=\"widget\" data-e-type=\"widget\" data-widget_type=\"heading.default\">\n\t\t\t\t<div class=\"elementor-widget-container\">\n\t\t\t\t\t<h3 class=\"elementor-heading-title elementor-size-default\">EUREGIO-Sprechstunde<\/h3>\t\t\t\t<\/div>\n\t\t\t\t<\/div>\n\t\t\t\t\t<\/div>\n\t\t<\/div>\n\t\t\t\t\t<\/div>\n\t\t<\/section>\n\t\t\t\t<section class=\"elementor-section elementor-top-section elementor-element elementor-element-2430a76 elementor-section-boxed elementor-section-height-default elementor-section-height-default\" data-id=\"2430a76\" data-element_type=\"section\" data-e-type=\"section\">\n\t\t\t\t\t\t<div class=\"elementor-container elementor-column-gap-default\">\n\t\t\t\t\t<div class=\"elementor-column elementor-col-66 elementor-top-column elementor-element elementor-element-9b3bf80\" data-id=\"9b3bf80\" data-element_type=\"column\" data-e-type=\"column\">\n\t\t\t<div class=\"elementor-widget-wrap elementor-element-populated\">\n\t\t\t\t\t\t<div class=\"elementor-element elementor-element-071e3e8 elementor-widget elementor-widget-text-editor\" data-id=\"071e3e8\" data-element_type=\"widget\" data-e-type=\"widget\" data-widget_type=\"text-editor.default\">\n\t\t\t\t<div class=\"elementor-widget-container\">\n\t\t\t\t\t\t\t\t\t<p>Sie m\u00f6chten mit einem Berater des GIP oder des deutschen Finanzamtes Ihre pers\u00f6nliche Situation zu grenz\u00fcberschreitendenden Fragen besprechen? Bei den EUREGIO-Sprechstunden stehen die Berater des GIP EUREGIO zu allen grenz\u00fcberschreitenden Fragen sowie<br \/>ein Mitarbeiter des deutschen Finanzamtes als Ansprechpartner f\u00fcr Informationen zu grenz\u00fcberschreitenden steuerlichen Fragestellungen zur Verf\u00fcgung.<\/p><p>Die Sprechstunden finden von <strong>15.00 Uhr bis 18.00 Uhr<\/strong> statt.<\/p><p>Eine Terminvereinbarung ist hierf\u00fcr <strong>nicht<\/strong> notwendig.<\/p>\t\t\t\t\t\t\t\t<\/div>\n\t\t\t\t<\/div>\n\t\t\t\t\t<\/div>\n\t\t<\/div>\n\t\t\t\t<div class=\"elementor-column elementor-col-33 elementor-top-column elementor-element elementor-element-7c02498\" data-id=\"7c02498\" data-element_type=\"column\" data-e-type=\"column\">\n\t\t\t<div class=\"elementor-widget-wrap elementor-element-populated\">\n\t\t\t\t\t\t<div class=\"elementor-element elementor-element-472d370 elementor-widget elementor-widget-image\" data-id=\"472d370\" data-element_type=\"widget\" data-e-type=\"widget\" data-widget_type=\"image.default\">\n\t\t\t\t<div class=\"elementor-widget-container\">\n\t\t\t\t\t\t\t\t\t\t\t\t\t\t\t<img fetchpriority=\"high\" decoding=\"async\" width=\"300\" height=\"201\" src=\"https:\/\/grenzinfo.eu\/eur\/wp-content\/uploads\/sites\/5\/2022\/12\/Sprechstunden-1-300x201.jpg\" class=\"attachment-medium size-medium wp-image-16901\" alt=\"\" srcset=\"https:\/\/grenzinfo.eu\/eur\/wp-content\/uploads\/sites\/5\/2022\/12\/Sprechstunden-1-300x201.jpg 300w, https:\/\/grenzinfo.eu\/eur\/wp-content\/uploads\/sites\/5\/2022\/12\/Sprechstunden-1.jpg 620w\" sizes=\"(max-width: 300px) 100vw, 300px\" \/>\t\t\t\t\t\t\t\t\t\t\t\t\t\t\t<\/div>\n\t\t\t\t<\/div>\n\t\t\t\t\t<\/div>\n\t\t<\/div>\n\t\t\t\t\t<\/div>\n\t\t<\/section>\n\t\t\t\t<section class=\"elementor-section elementor-top-section elementor-element elementor-element-1544624 elementor-section-boxed elementor-section-height-default elementor-section-height-default\" data-id=\"1544624\" data-element_type=\"section\" data-e-type=\"section\">\n\t\t\t\t\t\t<div class=\"elementor-container elementor-column-gap-default\">\n\t\t\t\t\t<div class=\"elementor-column elementor-col-100 elementor-top-column elementor-element elementor-element-248d627\" data-id=\"248d627\" data-element_type=\"column\" data-e-type=\"column\">\n\t\t\t<div class=\"elementor-widget-wrap elementor-element-populated\">\n\t\t\t\t\t\t<div class=\"elementor-element elementor-element-a6a0a56 elementor-widget elementor-widget-text-editor\" data-id=\"a6a0a56\" data-element_type=\"widget\" data-e-type=\"widget\" data-widget_type=\"text-editor.default\">\n\t\t\t\t<div class=\"elementor-widget-container\">\n\t\t\t\t\t\t\t\t\t<p>Unsere Sprechstunden in 2026:<\/p><p><strong>Dinxperlo,<\/strong> Kulturhus Dinxperlo,\u00a0 Maurits Prinsstraat 6 \/ Terborgseweg 3, Dinxperlo.<\/p><ul><li style=\"list-style-type: none\"><ul><li>20. Januar 2026<\/li><li>21. April 2026<\/li><li>15. Dezember 2026<\/li><\/ul><\/li><li><strong>Oeding,<\/strong> Feuerwehrhaus S\u00fcdlohn\/Oeding, Woorteweg 30, 46354 Oeding, erster Stock.<ul><li>17. M\u00e4rz 2026<\/li><li>30. Juni 2026<\/li><li>22. September 2026<\/li><\/ul><\/li><li><strong>Nordhorn,<\/strong>\u00a0Wirtschaftsf\u00f6rderung Landkreis Grafschaft Bentheim<strong>,\u00a0<\/strong>Kompetenzzentrum Nino Hochbau, Nino Allee 11, 48529 Nordhorn. Eingang im Erdgeschoss, neben der Treppe.<ul><li>24. Februar 2026<\/li><li>16. Juni 2026<\/li><li>17. November 2026<\/li><\/ul><\/li><li><strong>Hardenberg,<\/strong>\u00a0Rathaus Hardenberg, Stephanuspark 1, Hardenberg.<ul><li>19. Mai 2026<\/li><li>25. August 2026<\/li><li>27. Oktober 2026<\/li><\/ul><\/li><\/ul>\t\t\t\t\t\t\t\t<\/div>\n\t\t\t\t<\/div>\n\t\t\t\t\t<\/div>\n\t\t<\/div>\n\t\t\t\t\t<\/div>\n\t\t<\/section>\n\t\t\t\t<section class=\"elementor-section elementor-top-section elementor-element elementor-element-db24349 elementor-section-boxed elementor-section-height-default elementor-section-height-default\" data-id=\"db24349\" data-element_type=\"section\" data-e-type=\"section\">\n\t\t\t\t\t\t<div class=\"elementor-container elementor-column-gap-default\">\n\t\t\t\t\t<div class=\"elementor-column elementor-col-100 elementor-top-column elementor-element elementor-element-14d27c6\" data-id=\"14d27c6\" data-element_type=\"column\" data-e-type=\"column\">\n\t\t\t<div class=\"elementor-widget-wrap elementor-element-populated\">\n\t\t\t\t\t\t<div class=\"elementor-element elementor-element-710b1d7 elementor-widget-divider--view-line elementor-widget elementor-widget-divider\" data-id=\"710b1d7\" data-element_type=\"widget\" data-e-type=\"widget\" data-widget_type=\"divider.default\">\n\t\t\t\t<div class=\"elementor-widget-container\">\n\t\t\t\t\t\t\t<div class=\"elementor-divider\">\n\t\t\t<span class=\"elementor-divider-separator\">\n\t\t\t\t\t\t<\/span>\n\t\t<\/div>\n\t\t\t\t\t\t<\/div>\n\t\t\t\t<\/div>\n\t\t\t\t\t<\/div>\n\t\t<\/div>\n\t\t\t\t\t<\/div>\n\t\t<\/section>\n\t\t<div class=\"elementor-element elementor-element-9de4594 e-flex e-con-boxed e-con e-parent\" data-id=\"9de4594\" data-element_type=\"container\" data-e-type=\"container\">\n\t\t\t\t\t<div class=\"e-con-inner\">\n\t\t\t\t<div class=\"elementor-element elementor-element-c62812f elementor-widget elementor-widget-testimonial\" data-id=\"c62812f\" data-element_type=\"widget\" data-e-type=\"widget\" data-widget_type=\"testimonial.default\">\n\t\t\t\t<div class=\"elementor-widget-container\">\n\t\t\t\t\t\t\t<div class=\"elementor-testimonial-wrapper\">\n\t\t\t\t\t\t\t<div class=\"elementor-testimonial-content\">Hier k\u00f6nnen Sie die \u00dcbersicht 2026 \u00fcber unsere Beratungstage und Sprechstunden herunterladen.<\/div>\n\t\t\t\n\t\t\t\t\t\t<div class=\"elementor-testimonial-meta elementor-has-image elementor-testimonial-image-position-aside\">\n\t\t\t\t<div class=\"elementor-testimonial-meta-inner\">\n\t\t\t\t\t\t\t\t\t\t\t<div class=\"elementor-testimonial-image\">\n\t\t\t\t\t\t\t<a href=\"https:\/\/grenzinfo.eu\/eur\/wp-content\/uploads\/sites\/5\/2025\/10\/Euregio_Gronau_Sprechstunde2026_final.pdf\" target=\"_blank\"><img decoding=\"async\" width=\"1600\" height=\"2560\" src=\"https:\/\/grenzinfo.eu\/eur\/wp-content\/uploads\/sites\/5\/2025\/10\/Titelbild_Sprechflyer2026-scaled.jpg\" class=\"attachment-full size-full wp-image-20168\" alt=\"\" srcset=\"https:\/\/grenzinfo.eu\/eur\/wp-content\/uploads\/sites\/5\/2025\/10\/Titelbild_Sprechflyer2026-scaled.jpg 1600w, https:\/\/grenzinfo.eu\/eur\/wp-content\/uploads\/sites\/5\/2025\/10\/Titelbild_Sprechflyer2026-188x300.jpg 188w, https:\/\/grenzinfo.eu\/eur\/wp-content\/uploads\/sites\/5\/2025\/10\/Titelbild_Sprechflyer2026-640x1024.jpg 640w, https:\/\/grenzinfo.eu\/eur\/wp-content\/uploads\/sites\/5\/2025\/10\/Titelbild_Sprechflyer2026-768x1229.jpg 768w, https:\/\/grenzinfo.eu\/eur\/wp-content\/uploads\/sites\/5\/2025\/10\/Titelbild_Sprechflyer2026-960x1536.jpg 960w, https:\/\/grenzinfo.eu\/eur\/wp-content\/uploads\/sites\/5\/2025\/10\/Titelbild_Sprechflyer2026-1280x2048.jpg 1280w\" sizes=\"(max-width: 1600px) 100vw, 1600px\" \/><\/a>\t\t\t\t\t\t<\/div>\n\t\t\t\t\t\n\t\t\t\t\t\t\t\t\t\t<div class=\"elementor-testimonial-details\">\n\t\t\t\t\t\t\t\t\t\t\t\t\t\t<a class=\"elementor-testimonial-name\" href=\"https:\/\/grenzinfo.eu\/eur\/wp-content\/uploads\/sites\/5\/2025\/10\/Euregio_Gronau_Sprechstunde2026_final.pdf\" target=\"_blank\">Sprechstunden und Beratungstage 2026<\/a>\n\t\t\t\t\t\t\t\t\t\t\t\t\t\t\t\t\t\t\t\t\t\t<a class=\"elementor-testimonial-job\" href=\"https:\/\/grenzinfo.eu\/eur\/wp-content\/uploads\/sites\/5\/2025\/10\/Euregio_Gronau_Sprechstunde2026_final.pdf\" target=\"_blank\">GIP EUREGIO<\/a>\n\t\t\t\t\t\t\t\t\t\t\t\t\t<\/div>\n\t\t\t\t\t\t\t\t\t<\/div>\n\t\t\t<\/div>\n\t\t\t\t\t<\/div>\n\t\t\t\t\t\t<\/div>\n\t\t\t\t<\/div>\n\t\t\t\t\t<\/div>\n\t\t\t\t<\/div>\n\t\t\t\t<\/div>\n\t\t","protected":false},"excerpt":{"rendered":"<p>EUREGIO-Sprechstunde Sie m\u00f6chten mit einem Berater des GIP oder des deutschen Finanzamtes Ihre pers\u00f6nliche Situation zu grenz\u00fcberschreitendenden Fragen besprechen? Bei den EUREGIO-Sprechstunden stehen die Berater des GIP EUREGIO zu allen grenz\u00fcberschreitenden Fragen sowieein Mitarbeiter des deutschen Finanzamtes als Ansprechpartner f\u00fcr Informationen zu grenz\u00fcberschreitenden steuerlichen Fragestellungen zur Verf\u00fcgung. Die Sprechstunden finden von 15.00 Uhr bis 18.00 [&hellip;]<\/p>\n","protected":false},"author":4,"featured_media":13777,"parent":0,"menu_order":0,"comment_status":"closed","ping_status":"closed","template":"","meta":{"_acf_changed":false,"footnotes":""},"class_list":["post-14229","page","type-page","status-publish","has-post-thumbnail","hentry"],"acf":[],"yoast_head":"<!-- This site is optimized with the Yoast SEO plugin v27.5 - https:\/\/yoast.com\/product\/yoast-seo-wordpress\/ -->\n<title>EUREGIO-Sprechstunden - EUREGIO<\/title>\n<meta name=\"description\" content=\"GIP EUREGIO organisiert Sprechstunden in verschiedenen Gemeinden. Sie k\u00f6nnen einen Termin vereinbaren mit einem Mitarbeiter des Finanzamtes oder des GIP.\" \/>\n<meta name=\"robots\" content=\"index, follow, max-snippet:-1, max-image-preview:large, max-video-preview:-1\" \/>\n<link rel=\"canonical\" href=\"https:\/\/grenzinfo.eu\/eur\/euregio-spreekuren\/\" \/>\n<meta property=\"og:locale\" content=\"de_DE\" \/>\n<meta property=\"og:type\" content=\"article\" \/>\n<meta property=\"og:title\" content=\"EUREGIO-Sprechstunden - EUREGIO\" \/>\n<meta property=\"og:description\" content=\"GIP EUREGIO organisiert Sprechstunden in verschiedenen Gemeinden. Sie k\u00f6nnen einen Termin vereinbaren mit einem Mitarbeiter des Finanzamtes oder des GIP.\" \/>\n<meta property=\"og:url\" content=\"https:\/\/grenzinfo.eu\/eur\/euregio-spreekuren\/\" \/>\n<meta property=\"og:site_name\" content=\"EUREGIO\" \/>\n<meta property=\"article:modified_time\" content=\"2026-01-05T08:03:01+00:00\" \/>\n<meta property=\"og:image\" content=\"https:\/\/grenzinfo.eu\/eur\/wp-content\/uploads\/sites\/5\/2021\/12\/EUREGIO-spreekuur01-1.jpg\" \/>\n\t<meta property=\"og:image:width\" content=\"620\" \/>\n\t<meta property=\"og:image:height\" content=\"415\" \/>\n\t<meta property=\"og:image:type\" content=\"image\/jpeg\" \/>\n<meta name=\"twitter:card\" content=\"summary_large_image\" \/>\n<meta name=\"twitter:label1\" content=\"Gesch\u00e4tzte Lesezeit\" \/>\n\t<meta name=\"twitter:data1\" content=\"2\u00a0Minuten\" \/>\n<script type=\"application\/ld+json\" class=\"yoast-schema-graph\">{\"@context\":\"https:\\\/\\\/schema.org\",\"@graph\":[{\"@type\":\"WebPage\",\"@id\":\"https:\\\/\\\/grenzinfo.eu\\\/eur\\\/euregio-spreekuren\\\/\",\"url\":\"https:\\\/\\\/grenzinfo.eu\\\/eur\\\/euregio-spreekuren\\\/\",\"name\":\"EUREGIO-Sprechstunden - EUREGIO\",\"isPartOf\":{\"@id\":\"https:\\\/\\\/grenzinfo.eu\\\/eur\\\/#website\"},\"primaryImageOfPage\":{\"@id\":\"https:\\\/\\\/grenzinfo.eu\\\/eur\\\/euregio-spreekuren\\\/#primaryimage\"},\"image\":{\"@id\":\"https:\\\/\\\/grenzinfo.eu\\\/eur\\\/euregio-spreekuren\\\/#primaryimage\"},\"thumbnailUrl\":\"https:\\\/\\\/grenzinfo.eu\\\/eur\\\/wp-content\\\/uploads\\\/sites\\\/5\\\/2021\\\/12\\\/EUREGIO-spreekuur01-1.jpg\",\"datePublished\":\"2022-04-12T08:59:19+00:00\",\"dateModified\":\"2026-01-05T08:03:01+00:00\",\"description\":\"GIP EUREGIO organisiert Sprechstunden in verschiedenen Gemeinden. Sie k\u00f6nnen einen Termin vereinbaren mit einem Mitarbeiter des Finanzamtes oder des GIP.\",\"breadcrumb\":{\"@id\":\"https:\\\/\\\/grenzinfo.eu\\\/eur\\\/euregio-spreekuren\\\/#breadcrumb\"},\"inLanguage\":\"de\",\"potentialAction\":[{\"@type\":\"ReadAction\",\"target\":[\"https:\\\/\\\/grenzinfo.eu\\\/eur\\\/euregio-spreekuren\\\/\"]}]},{\"@type\":\"ImageObject\",\"inLanguage\":\"de\",\"@id\":\"https:\\\/\\\/grenzinfo.eu\\\/eur\\\/euregio-spreekuren\\\/#primaryimage\",\"url\":\"https:\\\/\\\/grenzinfo.eu\\\/eur\\\/wp-content\\\/uploads\\\/sites\\\/5\\\/2021\\\/12\\\/EUREGIO-spreekuur01-1.jpg\",\"contentUrl\":\"https:\\\/\\\/grenzinfo.eu\\\/eur\\\/wp-content\\\/uploads\\\/sites\\\/5\\\/2021\\\/12\\\/EUREGIO-spreekuur01-1.jpg\",\"width\":620,\"height\":415},{\"@type\":\"BreadcrumbList\",\"@id\":\"https:\\\/\\\/grenzinfo.eu\\\/eur\\\/euregio-spreekuren\\\/#breadcrumb\",\"itemListElement\":[{\"@type\":\"ListItem\",\"position\":1,\"name\":\"Home\",\"item\":\"https:\\\/\\\/grenzinfo.eu\\\/eur\\\/\"},{\"@type\":\"ListItem\",\"position\":2,\"name\":\"EUREGIO-Sprechstunden\"}]},{\"@type\":\"WebSite\",\"@id\":\"https:\\\/\\\/grenzinfo.eu\\\/eur\\\/#website\",\"url\":\"https:\\\/\\\/grenzinfo.eu\\\/eur\\\/\",\"name\":\"EUREGIO\",\"description\":\"Grenzinfopunkt EUREGIO\",\"potentialAction\":[{\"@type\":\"SearchAction\",\"target\":{\"@type\":\"EntryPoint\",\"urlTemplate\":\"https:\\\/\\\/grenzinfo.eu\\\/eur\\\/?s={search_term_string}\"},\"query-input\":{\"@type\":\"PropertyValueSpecification\",\"valueRequired\":true,\"valueName\":\"search_term_string\"}}],\"inLanguage\":\"de\"}]}<\/script>\n<!-- \/ Yoast SEO plugin. -->","yoast_head_json":{"title":"EUREGIO-Sprechstunden - EUREGIO","description":"GIP EUREGIO organisiert Sprechstunden in verschiedenen Gemeinden. Sie k\u00f6nnen einen Termin vereinbaren mit einem Mitarbeiter des Finanzamtes oder des GIP.","robots":{"index":"index","follow":"follow","max-snippet":"max-snippet:-1","max-image-preview":"max-image-preview:large","max-video-preview":"max-video-preview:-1"},"canonical":"https:\/\/grenzinfo.eu\/eur\/euregio-spreekuren\/","og_locale":"de_DE","og_type":"article","og_title":"EUREGIO-Sprechstunden - EUREGIO","og_description":"GIP EUREGIO organisiert Sprechstunden in verschiedenen Gemeinden. Sie k\u00f6nnen einen Termin vereinbaren mit einem Mitarbeiter des Finanzamtes oder des GIP.","og_url":"https:\/\/grenzinfo.eu\/eur\/euregio-spreekuren\/","og_site_name":"EUREGIO","article_modified_time":"2026-01-05T08:03:01+00:00","og_image":[{"width":620,"height":415,"url":"https:\/\/grenzinfo.eu\/eur\/wp-content\/uploads\/sites\/5\/2021\/12\/EUREGIO-spreekuur01-1.jpg","type":"image\/jpeg"}],"twitter_card":"summary_large_image","twitter_misc":{"Gesch\u00e4tzte Lesezeit":"2\u00a0Minuten"},"schema":{"@context":"https:\/\/schema.org","@graph":[{"@type":"WebPage","@id":"https:\/\/grenzinfo.eu\/eur\/euregio-spreekuren\/","url":"https:\/\/grenzinfo.eu\/eur\/euregio-spreekuren\/","name":"EUREGIO-Sprechstunden - EUREGIO","isPartOf":{"@id":"https:\/\/grenzinfo.eu\/eur\/#website"},"primaryImageOfPage":{"@id":"https:\/\/grenzinfo.eu\/eur\/euregio-spreekuren\/#primaryimage"},"image":{"@id":"https:\/\/grenzinfo.eu\/eur\/euregio-spreekuren\/#primaryimage"},"thumbnailUrl":"https:\/\/grenzinfo.eu\/eur\/wp-content\/uploads\/sites\/5\/2021\/12\/EUREGIO-spreekuur01-1.jpg","datePublished":"2022-04-12T08:59:19+00:00","dateModified":"2026-01-05T08:03:01+00:00","description":"GIP EUREGIO organisiert Sprechstunden in verschiedenen Gemeinden. Sie k\u00f6nnen einen Termin vereinbaren mit einem Mitarbeiter des Finanzamtes oder des GIP.","breadcrumb":{"@id":"https:\/\/grenzinfo.eu\/eur\/euregio-spreekuren\/#breadcrumb"},"inLanguage":"de","potentialAction":[{"@type":"ReadAction","target":["https:\/\/grenzinfo.eu\/eur\/euregio-spreekuren\/"]}]},{"@type":"ImageObject","inLanguage":"de","@id":"https:\/\/grenzinfo.eu\/eur\/euregio-spreekuren\/#primaryimage","url":"https:\/\/grenzinfo.eu\/eur\/wp-content\/uploads\/sites\/5\/2021\/12\/EUREGIO-spreekuur01-1.jpg","contentUrl":"https:\/\/grenzinfo.eu\/eur\/wp-content\/uploads\/sites\/5\/2021\/12\/EUREGIO-spreekuur01-1.jpg","width":620,"height":415},{"@type":"BreadcrumbList","@id":"https:\/\/grenzinfo.eu\/eur\/euregio-spreekuren\/#breadcrumb","itemListElement":[{"@type":"ListItem","position":1,"name":"Home","item":"https:\/\/grenzinfo.eu\/eur\/"},{"@type":"ListItem","position":2,"name":"EUREGIO-Sprechstunden"}]},{"@type":"WebSite","@id":"https:\/\/grenzinfo.eu\/eur\/#website","url":"https:\/\/grenzinfo.eu\/eur\/","name":"EUREGIO","description":"Grenzinfopunkt EUREGIO","potentialAction":[{"@type":"SearchAction","target":{"@type":"EntryPoint","urlTemplate":"https:\/\/grenzinfo.eu\/eur\/?s={search_term_string}"},"query-input":{"@type":"PropertyValueSpecification","valueRequired":true,"valueName":"search_term_string"}}],"inLanguage":"de"}]}},"lang":"de","translations":{"de":14229,"nl":13861},"pll_sync_post":[],"_links":{"self":[{"href":"https:\/\/grenzinfo.eu\/eur\/wp-json\/wp\/v2\/pages\/14229","targetHints":{"allow":["GET"]}}],"collection":[{"href":"https:\/\/grenzinfo.eu\/eur\/wp-json\/wp\/v2\/pages"}],"about":[{"href":"https:\/\/grenzinfo.eu\/eur\/wp-json\/wp\/v2\/types\/page"}],"author":[{"embeddable":true,"href":"https:\/\/grenzinfo.eu\/eur\/wp-json\/wp\/v2\/users\/4"}],"replies":[{"embeddable":true,"href":"https:\/\/grenzinfo.eu\/eur\/wp-json\/wp\/v2\/comments?post=14229"}],"version-history":[{"count":22,"href":"https:\/\/grenzinfo.eu\/eur\/wp-json\/wp\/v2\/pages\/14229\/revisions"}],"predecessor-version":[{"id":20306,"href":"https:\/\/grenzinfo.eu\/eur\/wp-json\/wp\/v2\/pages\/14229\/revisions\/20306"}],"wp:featuredmedia":[{"embeddable":true,"href":"https:\/\/grenzinfo.eu\/eur\/wp-json\/wp\/v2\/media\/13777"}],"wp:attachment":[{"href":"https:\/\/grenzinfo.eu\/eur\/wp-json\/wp\/v2\/media?parent=14229"}],"curies":[{"name":"wp","href":"https:\/\/api.w.org\/{rel}","templated":true}]}}